{"id":10951,"date":"2023-11-09T11:22:43","date_gmt":"2023-11-09T10:22:43","guid":{"rendered":"http:\/\/kotrla.com\/pmpro\/?page_id=10951"},"modified":"2024-12-17T10:07:55","modified_gmt":"2024-12-17T09:07:55","slug":"rajko-grlic-neodvypravene-pribehy-2023","status":"publish","type":"page","link":"https:\/\/kotrla.com\/pmpro\/klenov\/rajko-grlic-neodvypravene-pribehy-2023\/","title":{"rendered":"Rajko Grli\u0107: Neodvypr\u00e1v\u011bn\u00e9 p\u0159\u00edb\u011bhy (2023)"},"content":{"rendered":"<p>ISBN 978-80-908127-8-9<\/p>\n<figure id=\"attachment_10952\" aria-describedby=\"caption-attachment-10952\" style=\"width: 1073px\" class=\"wp-caption alignnone\"><a href=\"https:\/\/kotrla.com\/pmpro\/wp-content\/uploads\/2023\/11\/grlic_obalka_titul_s.png\"><img loading=\"lazy\" decoding=\"async\" class=\"wp-image-10952 size-full\" src=\"https:\/\/kotrla.com\/pmpro\/wp-content\/uploads\/2023\/11\/grlic_obalka_titul_s.png\" alt=\"Rajko Grli\u0107: Neodvypr\u00e1v\u011bn\u00e9 p\u0159\u00edb\u011bhy (Byst\u0159i\u010dka: Klenov 2023)\" width=\"1073\" height=\"1600\" srcset=\"https:\/\/kotrla.com\/pmpro\/wp-content\/uploads\/2023\/11\/grlic_obalka_titul_s.png 1073w, https:\/\/kotrla.com\/pmpro\/wp-content\/uploads\/2023\/11\/grlic_obalka_titul_s-201x300.png 201w, https:\/\/kotrla.com\/pmpro\/wp-content\/uploads\/2023\/11\/grlic_obalka_titul_s-687x1024.png 687w, https:\/\/kotrla.com\/pmpro\/wp-content\/uploads\/2023\/11\/grlic_obalka_titul_s-1030x1536.png 1030w\" sizes=\"auto, (max-width: 1073px) 100vw, 1073px\" \/><\/a><figcaption id=\"caption-attachment-10952\" class=\"wp-caption-text\">Rajko Grli\u0107: Neodvypr\u00e1v\u011bn\u00e9 p\u0159\u00edb\u011bhy (Byst\u0159i\u010dka: Klenov 2023)<\/figcaption><\/figure>\n<p><strong>Rajko Grli\u0107<\/strong> (1947) \u2013 chorvatsk\u00fd filmov\u00fd re\u017eis\u00e9r, producent a scen\u00e1rista, profesor filmov\u00e9 teorie na univerzit\u011b v Ohiu, um\u011bleck\u00fd \u0159editel Motovunsk\u00e9ho filmov\u00e9ho festivalu v chorvatsk\u00e9m Motovunu.\u00a0 Jeden z nejv\u00fdznamn\u011bj\u0161\u00edch chorvatsk\u00fdch filmov\u00fdch re\u017eis\u00e9r\u016f. V roce 1971 ukon\u010dil studia re\u017eie na pra\u017esk\u00e9 FAMU. Spole\u010dn\u011b s n\u00edm v tom \u010dase absolvovala pra\u017esk\u00e1 filmov\u00e1 studia cel\u00e1 plej\u00e1da skv\u011bl\u00fdch jugosl\u00e1vsk\u00fdch re\u017eis\u00e9r\u016f \u00ad \u2013 Goran Paskaljevi\u0107, Srdjan Karanovi\u0107, Lordan Zafranovi\u0107 nebo Goran Markovi\u0107. V\u0161ichni se v\u00fdznamn\u011b zapsali sv\u00fdmi filmy do historie sv\u011btov\u00e9ho filmu. Filmy Rajka Grli\u0107e se vyzna\u010duj\u00ed siln\u00fdm re\u017eis\u00e9rsk\u00fdm rukopisem a pe\u010dlivou stylizac\u00ed. Grli\u0107 se ve sv\u00fdch filmech zam\u011b\u0159uje na ud\u00e1losti, kter\u00e9 se v\u00fdrazn\u011b pod\u00edlej\u00ed na prom\u011bn\u011b sv\u011bta. Jeho filmy jsou s \u00fasp\u011bchem uv\u00e1d\u011bny na festivalech.<\/p>\n<p>Kniha <strong>Neodvypr\u00e1v\u011bn\u00e9 p\u0159\u00edb\u011bhy<\/strong> je jak\u00fdmsi \u201eimagin\u00e1rn\u00edm lexikonem filmov\u00fdch v\u00fdraz\u016f\u201c. Lexikon je sestaven podle p\u00edsmen abecedy. Grli\u0107 v kr\u00e1tk\u00fdch p\u0159\u00edb\u011bz\u00edch nezvykl\u00fdm zp\u016fsobem vypr\u00e1v\u00ed sv\u016fj filmov\u00fd \u017eivot na z\u00e1klad\u011b \u0161ir\u0161\u00edho okruhu ud\u00e1lost\u00ed a lid\u00ed, kte\u0159\u00ed se v nich pohybovali. Grli\u0107 nab\u00edz\u00ed \u010dten\u00e1\u0159i zaznamenan\u00e9 vzpom\u00ednky, z nich\u017e n\u011bkter\u00e9 jsou zjevn\u011b d\u016fle\u017eit\u00e9, n\u011bkter\u00e9 zd\u00e1nliv\u011b ned\u016fle\u017eit\u00e9, ale v\u017edy jsou spojeny s jeho vztahy s filmem. P\u0159iv\u00e1d\u00ed n\u00e1s do sv\u011bta filmu a sv\u011btov\u00fdch filmov\u00fdch hv\u011bzd, re\u017eis\u00e9r\u016f, herc\u016f. Vypr\u00e1v\u00ed p\u0159\u00edb\u011bh filmov\u00fdch festival\u016f v Pule nebo Motovunu, kter\u00fd zalo\u017eil. S \u201ep\u0159\u00edb\u011bhy\u201c se octneme na festivalu v Cannes, v Praze na FAMU nebo na setk\u00e1n\u00ed s Titem. Celou knihou je prodchnuta \u201efilmov\u00e1 dimenze\u201c. Grli\u0107 s\u00e1m o sv\u00e9 knize \u0159\u00edk\u00e1, \u017ee \u201estopy jeho filmov\u00e9ho \u017eivota se vzn\u00e1\u0161ej\u00ed\u201c, a tak se je rozhodl p\u0159edstavit ve\u0159ejnosti pot\u00e9, co dosp\u011bl k z\u00e1v\u011bru, \u017ee \u201ese cel\u00fd \u017eivot skr\u00fdval za sv\u00e9 filmov\u00e9 hrdiny\u201c.<\/p>\n<p>Kniha je inspirativn\u00ed pro mlad\u00e9 filma\u0159e a filmov\u00e9 odborn\u00edky. Dopl\u0148uje pohled na dal\u0161\u00ed vy\u0301znamnou filma\u0159skou osobnost z generace re\u017eis\u00e9r\u016f z Jugosl\u00e1vie, kte\u0159\u00ed vystudovali FAMU na konci \u0161edes\u00e1ty\u0301ch let. Je ojedin\u011blou vy\u0301pov\u011bd\u00ed, kter\u00e1 specificky\u0301m zp\u016fsobem p\u0159edstavuje Rajka Grli\u0107e jako filma\u0159e a \u010dlov\u011bka, ktery\u0301 m\u00e1 vlastn\u00ed postoj k \u017eivotu i k tomu, co vytvo\u0159il.<\/p>\n<figure id=\"attachment_10958\" aria-describedby=\"caption-attachment-10958\" style=\"width: 779px\" class=\"wp-caption alignnone\"><a href=\"https:\/\/kotrla.com\/pmpro\/wp-content\/uploads\/2023\/11\/RG-bb-Per-Dep-08-2_b.jpg\"><img loading=\"lazy\" decoding=\"async\" class=\"size-full wp-image-10958\" src=\"https:\/\/kotrla.com\/pmpro\/wp-content\/uploads\/2023\/11\/RG-bb-Per-Dep-08-2_b.jpg\" alt=\"Rajko Grli\u0107\" width=\"779\" height=\"525\" srcset=\"https:\/\/kotrla.com\/pmpro\/wp-content\/uploads\/2023\/11\/RG-bb-Per-Dep-08-2_b.jpg 779w, https:\/\/kotrla.com\/pmpro\/wp-content\/uploads\/2023\/11\/RG-bb-Per-Dep-08-2_b-300x202.jpg 300w\" sizes=\"auto, (max-width: 779px) 100vw, 779px\" \/><\/a><figcaption id=\"caption-attachment-10958\" class=\"wp-caption-text\">Rajko Grli\u0107<\/figcaption><\/figure>\n<p><strong>Rajko Grli\u0107e<\/strong><br \/>\n<strong>Neodvypr\u00e1v\u011bn\u00e9 p\u0159\u00edb\u011bhy<\/strong><\/p>\n<p>Vydalo nakladatelstv\u00ed Pavel Kotrla \u2014 KLENOV, Byst\u0159i\u010dka,<br \/>\nroku 2023 jako svou 19. publikaci<br \/>\nZ chorvatsk\u00e9ho origin\u00e1lu Neispri\u010dane pri\u010de (Zagreb: Telegram, 2022)<br \/>\ndopln\u011bn\u00e9ho o autorsk\u00e1 roz\u0161\u00ed\u0159en\u00ed p\u0159elo\u017eil Jakub Novosad<br \/>\nP\u0159eklad p\u0159edmluvy Gorana Markovi\u0107e Ji\u0159\u00ed Hrabal<br \/>\nMedailonek autora a odborn\u00e1 spolupr\u00e1ce Marie Bare\u0161ov\u00e1<br \/>\nRedakce Martin Luk\u00e1\u0161<br \/>\nFoto autora Pradeep Edussuriya<br \/>\nGrafick\u00e1 \u00faprava a sazba p\u00edsmy Adelle a Providence Pavel Kotrla<br \/>\nVyd\u00e1n\u00ed prvn\u00ed, n\u00e1klad 400 kus\u016f<br \/>\nTisk PROTISK s.\u2009r.\u2009o., \u010cesk\u00e9 Bud\u011bjovice<br \/>\nRozm\u011br publikace 160\u00d7235 mm<br \/>\n440 stran<\/p>\n<p><a href=\"https:\/\/kotrla.com\/pmpro\/wp-content\/uploads\/2023\/11\/rajko_grlic_2023_bw.jpg\"><img loading=\"lazy\" decoding=\"async\" class=\"alignnone size-full wp-image-10957\" src=\"https:\/\/kotrla.com\/pmpro\/wp-content\/uploads\/2023\/11\/rajko_grlic_2023_bw.jpg\" alt=\"\" width=\"1600\" height=\"1066\" srcset=\"https:\/\/kotrla.com\/pmpro\/wp-content\/uploads\/2023\/11\/rajko_grlic_2023_bw.jpg 1600w, https:\/\/kotrla.com\/pmpro\/wp-content\/uploads\/2023\/11\/rajko_grlic_2023_bw-300x200.jpg 300w, https:\/\/kotrla.com\/pmpro\/wp-content\/uploads\/2023\/11\/rajko_grlic_2023_bw-1024x682.jpg 1024w, https:\/\/kotrla.com\/pmpro\/wp-content\/uploads\/2023\/11\/rajko_grlic_2023_bw-1536x1023.jpg 1536w\" sizes=\"auto, (max-width: 1600px) 100vw, 1600px\" \/><\/a><\/p>\n<p><strong>Odkazy<\/strong><\/p>\n<ul>\n<li><a href=\"http:\/\/www.rajkogrlic.com\">Str\u00e1nky re\u017eis\u00e9ra Rajko Grli\u0107e<\/a><\/li>\n<li><a href=\"https:\/\/www.csfd.cz\/tvurce\/14624-rajko-grlic\/prehled\/\">Profil Rajko Grli\u0107e na \u010cSFD<\/a><\/li>\n<li><a href=\"https:\/\/www.filmovyprehled.cz\/cs\/person\/80991\/rajko-grlic\">Profil Rajko Grli\u0107e na str\u00e1nk\u00e1ch Filmov\u00e9ho p\u0159ehledu<\/a><\/li>\n<li><a href=\"https:\/\/www.vsetinskyfilmovymaraton.cz\/rozhovor-s-rajko-grlicem\">Rozhovor s Rajko Grli\u0107em na str\u00e1nk\u00e1ch Vset\u00ednsk\u00e9ho filmov\u00e9ho klubu<\/a><\/li>\n<li><a href=\"https:\/\/en.wikipedia.org\/wiki\/Rajko_Grli%C4%87\">Profil Rajko Grli\u0107e na anglick\u00e9 Wikipedii<\/a><\/li>\n<li><a href=\"https:\/\/kotrla.com\/pmpro\/2023\/11\/z-uvedeni-knihy-rajko-grlice\/\">Fotografie z uveden\u00ed knihy Neodvypr\u00e1v\u011bn\u00e9 p\u0159\u00edb\u011bhy, 25. 11. 2023, Praha\u00a0<\/a><\/li>\n<\/ul>\n<figure id=\"attachment_10962\" aria-describedby=\"caption-attachment-10962\" style=\"width: 513px\" class=\"wp-caption aligncenter\"><a href=\"https:\/\/kotrla.com\/pmpro\/wp-content\/uploads\/2023\/11\/rajko_grlic_2023_letni_filmova_skola.jpg\"><img loading=\"lazy\" decoding=\"async\" class=\"wp-image-10962\" src=\"https:\/\/kotrla.com\/pmpro\/wp-content\/uploads\/2023\/11\/rajko_grlic_2023_letni_filmova_skola-257x300.jpg\" alt=\"Rajko Grli\u010d a z\u00e1stupci Filmov\u00e9ho klubu Vset\u00edn na Letn\u00ed filmov\u00e9 \u0161kole 2023\" width=\"513\" height=\"600\" srcset=\"https:\/\/kotrla.com\/pmpro\/wp-content\/uploads\/2023\/11\/rajko_grlic_2023_letni_filmova_skola-257x300.jpg 257w, https:\/\/kotrla.com\/pmpro\/wp-content\/uploads\/2023\/11\/rajko_grlic_2023_letni_filmova_skola-876x1024.jpg 876w, https:\/\/kotrla.com\/pmpro\/wp-content\/uploads\/2023\/11\/rajko_grlic_2023_letni_filmova_skola-1313x1536.jpg 1313w, https:\/\/kotrla.com\/pmpro\/wp-content\/uploads\/2023\/11\/rajko_grlic_2023_letni_filmova_skola.jpg 1368w\" sizes=\"auto, (max-width: 513px) 100vw, 513px\" \/><\/a><figcaption id=\"caption-attachment-10962\" class=\"wp-caption-text\">Rajko Grli\u010d a z\u00e1stupci <a href=\"https:\/\/www.fkvsetin.cz\">Filmov\u00e9ho klubu Vset\u00edn<\/a> na Letn\u00ed filmov\u00e9 \u0161kole 2023<\/figcaption><\/figure>\n<figure id=\"attachment_11062\" aria-describedby=\"caption-attachment-11062\" style=\"width: 1600px\" class=\"wp-caption alignnone\"><a href=\"https:\/\/kotrla.com\/pmpro\/wp-content\/uploads\/2023\/11\/grlic_uvedeni_IMGP0703.jpg\"><img loading=\"lazy\" decoding=\"async\" class=\"size-full wp-image-11062\" src=\"https:\/\/kotrla.com\/pmpro\/wp-content\/uploads\/2023\/11\/grlic_uvedeni_IMGP0703.jpg\" alt=\"Rajko Grli\u0107\" width=\"1600\" height=\"1067\" srcset=\"https:\/\/kotrla.com\/pmpro\/wp-content\/uploads\/2023\/11\/grlic_uvedeni_IMGP0703.jpg 1600w, https:\/\/kotrla.com\/pmpro\/wp-content\/uploads\/2023\/11\/grlic_uvedeni_IMGP0703-300x200.jpg 300w, https:\/\/kotrla.com\/pmpro\/wp-content\/uploads\/2023\/11\/grlic_uvedeni_IMGP0703-1024x683.jpg 1024w, https:\/\/kotrla.com\/pmpro\/wp-content\/uploads\/2023\/11\/grlic_uvedeni_IMGP0703-1536x1024.jpg 1536w\" sizes=\"auto, (max-width: 1600px) 100vw, 1600px\" \/><\/a><figcaption id=\"caption-attachment-11062\" class=\"wp-caption-text\">Rajko Grli\u0107 p\u0159i uveden\u00ed \u010desk\u00e9ho vyd\u00e1n\u00ed Neodvypr\u00e1v\u011bn\u00fdch p\u0159\u00edb\u011bh\u016f<\/figcaption><\/figure>\n<p><strong>Ohlasy<\/strong><\/p>\n<ul>\n<li><a href=\"https:\/\/mvep.gov.hr\/zpravy\/v-praze-bylo-predstaveno-ceske-vydani-knihy-rajka-grlice-neodvypravene-pribehy-a-jeho-film-ustava\/270943\">V Praze bylo p\u0159edstaveno \u010desk\u00e9 vyd\u00e1n\u00ed knihy Rajka Grli\u0107e \u201eNeodvypr\u00e1v\u011bn\u00e9 p\u0159\u00edb\u011bhy\u201c a jeho film \u00dastava<\/a><\/li>\n<li><a href=\"https:\/\/www.mujrozhlas.cz\/mezi-nami\/magazin-o-narodnostnich-mensinach-v-cesku-tomas-pilat-si-povidal-s-nestorem-jugoslavske\">Magaz\u00edn o n\u00e1rodnostn\u00edch men\u0161in\u00e1ch v \u010cesku Tom\u00e1\u0161 Pil\u00e1t si pov\u00eddal s nestorem jugosl\u00e1vsk\u00e9 a chorvatsk\u00e9 kinematografie, absolventem pra\u017esk\u00e9 FAMU, Rajko Grli\u0107em, jeho\u017e autobiografick\u00e1 kniha Neodvypr\u00e1v\u011bn\u00e9 p\u0159\u00edb\u011bhy ned\u00e1vno vy\u0161la v \u010desk\u00e9m p\u0159ekladu<\/a><\/li>\n<li><a href=\"https:\/\/region.rozhlas.cz\/poslechnete-si-my-a-oni-2-12-2023-9125551\">Poslechn\u011bte si: My a oni 2. 12. 2023\u00a0<\/a><\/li>\n<li><a href=\"https:\/\/kotrla.com\/pmpro\/wp-content\/uploads\/2024\/12\/lukas_novosad_lidovky_anketa_kniha_roku_2024.jpg\">Luk\u00e1\u0161 Novosad, odpov\u011b\u010f v anket\u011b Lidov\u00fdch novin Kniha roku, 14. 12. 2024 (Magaz\u00edn V\u00edkend DNES, Orientace)<\/a><\/li>\n<\/ul>\n","protected":false},"excerpt":{"rendered":"<p>ISBN 978-80-908127-8-9 Rajko Grli\u0107 (1947) \u2013 chorvatsk\u00fd filmov\u00fd re\u017eis\u00e9r, producent a scen\u00e1rista, profesor filmov\u00e9 teorie na univerzit\u011b v Ohiu, um\u011bleck\u00fd \u0159editel Motovunsk\u00e9ho filmov\u00e9ho festivalu v chorvatsk\u00e9m Motovunu.\u00a0 Jeden z nejv\u00fdznamn\u011bj\u0161\u00edch chorvatsk\u00fdch filmov\u00fdch re\u017eis\u00e9r\u016f. V roce 1971 ukon\u010dil studia re\u017eie na pra\u017esk\u00e9 FAMU. Spole\u010dn\u011b s n\u00edm v tom \u010dase absolvovala pra\u017esk\u00e1 filmov\u00e1 studia cel\u00e1 plej\u00e1da skv\u011bl\u00fdch [&hellip;]<\/p>\n","protected":false},"author":1,"featured_media":0,"parent":3997,"menu_order":0,"comment_status":"closed","ping_status":"closed","template":"","meta":{"site-sidebar-layout":"default","site-content-layout":"","ast-site-content-layout":"default","site-content-style":"default","site-sidebar-style":"default","ast-global-header-display":"","ast-banner-title-visibility":"","ast-main-header-display":"","ast-hfb-above-header-display":"","ast-hfb-below-header-display":"","ast-hfb-mobile-header-display":"","site-post-title":"","ast-breadcrumbs-content":"","ast-featured-img":"","footer-sml-layout":"","ast-disable-related-posts":"","theme-transparent-header-meta":"default","adv-header-id-meta":"","stick-header-meta":"","header-above-stick-meta":"","header-main-stick-meta":"","header-below-stick-meta":"","astra-migrate-meta-layouts":"set","ast-page-background-enabled":"default","ast-page-background-meta":{"desktop":{"background-color":"var(--ast-global-color-5)","background-image":"","background-repeat":"repeat","background-position":"center center","background-size":"auto","background-attachment":"scroll","background-type":"","background-media":"","overlay-type":"","overlay-color":"","overlay-opacity":"","overlay-gradient":""},"tablet":{"background-color":"","background-image":"","background-repeat":"repeat","background-position":"center center","background-size":"auto","background-attachment":"scroll","background-type":"","background-media":"","overlay-type":"","overlay-color":"","overlay-opacity":"","overlay-gradient":""},"mobile":{"background-color":"","background-image":"","background-repeat":"repeat","background-position":"center center","background-size":"auto","background-attachment":"scroll","background-type":"","background-media":"","overlay-type":"","overlay-color":"","overlay-opacity":"","overlay-gradient":""}},"ast-content-background-meta":{"desktop":{"background-color":"var(--ast-global-color-4)","background-image":"","background-repeat":"repeat","background-position":"center center","background-size":"auto","background-attachment":"scroll","background-type":"","background-media":"","overlay-type":"","overlay-color":"","overlay-opacity":"","overlay-gradient":""},"tablet":{"background-color":"var(--ast-global-color-4)","background-image":"","background-repeat":"repeat","background-position":"center center","background-size":"auto","background-attachment":"scroll","background-type":"","background-media":"","overlay-type":"","overlay-color":"","overlay-opacity":"","overlay-gradient":""},"mobile":{"background-color":"var(--ast-global-color-4)","background-image":"","background-repeat":"repeat","background-position":"center center","background-size":"auto","background-attachment":"scroll","background-type":"","background-media":"","overlay-type":"","overlay-color":"","overlay-opacity":"","overlay-gradient":""}},"jetpack_post_was_ever_published":false,"footnotes":""},"class_list":["post-10951","page","type-page","status-publish","hentry"],"jetpack_shortlink":"https:\/\/wp.me\/P4mLP7-2QD","jetpack-related-posts":[{"id":3997,"url":"https:\/\/kotrla.com\/pmpro\/klenov\/","url_meta":{"origin":10951,"position":0},"title":"Nakladatelstv\u00ed Klenov","author":"Pavel Kotrla","date":"1.12.2018","format":false,"excerpt":"Klenov \u2013 jednomu\u017en\u00e9 nakladatelstv\u00ed Pavla Kotrly. Knihy jsou v distribuci Kosmas a Pemic, m\u016f\u017eete zakoupit nap\u0159\u00edklad v s\u00edti prodejen\u00a0Martinus,\u00a0Dobrovsk\u00fd nebo jin\u00fdch.\u00a0Bibliofilie Synonymum krajina, Pot\u00ed\u017ee se \u017eenami, Hedvika a Jak Urzon obelstil Kojota nejsou v b\u011b\u017en\u00e9 distribuci, pro objedn\u00e1vku pou\u017eijte pros\u00edm tento formul\u00e1\u0159. Ten m\u016f\u017eete vyu\u017e\u00edt i pro objedn\u00e1vku dal\u0161\u00edch knih\u2026","rel":"","context":"Podobn\u00fd p\u0159\u00edsp\u011bvek","block_context":{"text":"Podobn\u00fd p\u0159\u00edsp\u011bvek","link":""},"img":{"alt_text":"","src":"https:\/\/i0.wp.com\/kotrla.com\/pmpro\/wp-content\/uploads\/2023\/03\/nakladatelstvi_klenov_logo_bw_small.png?resize=350%2C200&ssl=1","width":350,"height":200},"classes":[]},{"id":12139,"url":"https:\/\/kotrla.com\/pmpro\/klenov\/miroslav-cerny-moudrost-stezky-2024\/","url_meta":{"origin":10951,"position":1},"title":"Miroslav \u010cern\u00fd: Moudrost stezky (2024)","author":"Pavel Kotrla","date":"19.10.2024","format":false,"excerpt":"ISBN 978-80-909228-1-5 Doporu\u010den\u00e1 cena knihy je 180 K\u010d Doslov Moudrost stezky je logick\u00fdm vy\u00fast\u011bn\u00edm dosavadn\u00edho liter\u00e1rn\u00edho v\u00fdvoje Miroslava \u010cern\u00e9ho. Dalo se p\u0159edpokl\u00e1dat, \u017ee autora, kter\u00fd se vedle knih odborn\u00fdch a\u00a0popul\u00e1rn\u011b\u00ad\u2011nau\u010dn\u00fdch prosadil p\u0159edev\u0161\u00edm jako cestopisec a\u00a0b\u00e1sn\u00edk, d\u0159\u00edve \u010di pozd\u011bji zl\u00e1k\u00e1 nov\u00e1 tv\u016fr\u010d\u00ed perspektiva a\u00a0bude si cht\u00edt vyzkou\u0161et mo\u017enosti na poli pr\u00f3zy.\u2026","rel":"","context":"Podobn\u00fd p\u0159\u00edsp\u011bvek","block_context":{"text":"Podobn\u00fd p\u0159\u00edsp\u011bvek","link":""},"img":{"alt_text":"","src":"https:\/\/i0.wp.com\/kotrla.com\/pmpro\/wp-content\/uploads\/2024\/10\/sazba_cerny11-150x150.png?resize=350%2C200&ssl=1","width":350,"height":200,"srcset":"https:\/\/i0.wp.com\/kotrla.com\/pmpro\/wp-content\/uploads\/2024\/10\/sazba_cerny11-150x150.png?resize=350%2C200&ssl=1 1x, https:\/\/i0.wp.com\/kotrla.com\/pmpro\/wp-content\/uploads\/2024\/10\/sazba_cerny11-150x150.png?resize=525%2C300&ssl=1 1.5x, https:\/\/i0.wp.com\/kotrla.com\/pmpro\/wp-content\/uploads\/2024\/10\/sazba_cerny11-150x150.png?resize=700%2C400&ssl=1 2x"},"classes":[]},{"id":13384,"url":"https:\/\/kotrla.com\/pmpro\/klenov\/miroslav-cerny-sentimentalni-pijaci-2025\/","url_meta":{"origin":10951,"position":2},"title":"Miroslav \u010cern\u00fd: Sentiment\u00e1ln\u00ed pij\u00e1ci (2025)","author":"Pavel Kotrla","date":"5.11.2025","format":false,"excerpt":"ISBN 978-80-909228-6-0 Doporu\u010den\u00e1 cena knihy je 180 K\u010d Doslov Kdo \u010detl p\u0159edchoz\u00ed sb\u00edrku pov\u00eddek a b\u00e1sn\u00ed Miroslava \u010cern\u00e9ho Moudrost stezky (2024), snadno pozn\u00e1, \u017ee jeho nov\u00e1 kniha Sentiment\u00e1ln\u00ed pij\u00e1ci na ni zjevn\u011b navazuje. Dalo by se \u0159\u00edct, \u017ee je vlastn\u011b jej\u00edm dvojn\u00edkem. Op\u011bt se potk\u00e1v\u00e1me se souborem r\u016fznorod\u00fdch text\u016f, jejich\u017e\u2026","rel":"","context":"Podobn\u00fd p\u0159\u00edsp\u011bvek","block_context":{"text":"Podobn\u00fd p\u0159\u00edsp\u011bvek","link":""},"img":{"alt_text":"","src":"https:\/\/i0.wp.com\/kotrla.com\/pmpro\/wp-content\/uploads\/2025\/11\/cerny_sentimentalni_pijaci_57-150x150.jpg?resize=350%2C200&ssl=1","width":350,"height":200,"srcset":"https:\/\/i0.wp.com\/kotrla.com\/pmpro\/wp-content\/uploads\/2025\/11\/cerny_sentimentalni_pijaci_57-150x150.jpg?resize=350%2C200&ssl=1 1x, https:\/\/i0.wp.com\/kotrla.com\/pmpro\/wp-content\/uploads\/2025\/11\/cerny_sentimentalni_pijaci_57-150x150.jpg?resize=525%2C300&ssl=1 1.5x, https:\/\/i0.wp.com\/kotrla.com\/pmpro\/wp-content\/uploads\/2025\/11\/cerny_sentimentalni_pijaci_57-150x150.jpg?resize=700%2C400&ssl=1 2x"},"classes":[]},{"id":11396,"url":"https:\/\/kotrla.com\/pmpro\/klenov\/pavel-kotrla-libor-sostak-synonymum-krajina-2024\/","url_meta":{"origin":10951,"position":3},"title":"Pavel Kotrla \u2013 Libor So\u0161\u0165\u00e1k: Synonymum krajina (2024)","author":"Pavel Kotrla","date":"28.4.2024","format":false,"excerpt":"ISBN 978-80-908127-9-6 Cena ti\u0161t\u011bn\u00e9 knihy v\u010detn\u011b vlepen\u00e9 origin\u00e1ln\u00ed kresby je 300 K\u010d + 100 K\u010d po\u0161tovn\u00e9. Kniha nen\u00ed v b\u011b\u017en\u00e9 distribu\u010dn\u00ed s\u00edti, lze si ji v\u0161ak\u00a0OBJEDNAT. P\u0159i objedn\u00e1n\u00ed dvou knih z produkce je po\u0161tovn\u00e9 zdarma. \u00a0 Ilustrace Libor So\u0161\u0165\u00e1k Vydalo nakladatelstv\u00ed Pavel Kotrla \u2014 Klenov, Byst\u0159i\u010dka, roku 2024 jako svou\u2026","rel":"","context":"Podobn\u00fd p\u0159\u00edsp\u011bvek","block_context":{"text":"Podobn\u00fd p\u0159\u00edsp\u011bvek","link":""},"img":{"alt_text":"","src":"https:\/\/i0.wp.com\/kotrla.com\/pmpro\/wp-content\/uploads\/2024\/04\/synonymum_krajina_IMGP1922-150x150.jpg?resize=350%2C200&ssl=1","width":350,"height":200,"srcset":"https:\/\/i0.wp.com\/kotrla.com\/pmpro\/wp-content\/uploads\/2024\/04\/synonymum_krajina_IMGP1922-150x150.jpg?resize=350%2C200&ssl=1 1x, https:\/\/i0.wp.com\/kotrla.com\/pmpro\/wp-content\/uploads\/2024\/04\/synonymum_krajina_IMGP1922-150x150.jpg?resize=525%2C300&ssl=1 1.5x, https:\/\/i0.wp.com\/kotrla.com\/pmpro\/wp-content\/uploads\/2024\/04\/synonymum_krajina_IMGP1922-150x150.jpg?resize=700%2C400&ssl=1 2x, https:\/\/i0.wp.com\/kotrla.com\/pmpro\/wp-content\/uploads\/2024\/04\/synonymum_krajina_IMGP1922-150x150.jpg?resize=1050%2C600&ssl=1 3x, https:\/\/i0.wp.com\/kotrla.com\/pmpro\/wp-content\/uploads\/2024\/04\/synonymum_krajina_IMGP1922-150x150.jpg?resize=1400%2C800&ssl=1 4x"},"classes":[]},{"id":12426,"url":"https:\/\/kotrla.com\/pmpro\/klenov\/zdenek-lysy-nejen-mezi-nomady-2025\/","url_meta":{"origin":10951,"position":4},"title":"Zden\u011bk Lys\u00fd: Nejen mezi nom\u00e1dy (2025)","author":"Pavel Kotrla","date":"23.2.2025","format":false,"excerpt":"ISBN 978-80-909228-2-2 Doporu\u010den\u00e1 cena knihy je 200 K\u010d Nejen humorn\u00e9 vzpom\u00ednky na kari\u00e9ru zv\u011brol\u00e9ka\u0159e na mal\u00e9m m\u011bst\u011b a \u0161estilet\u00fd pobyt v Al\u017e\u00edrsku, kde autor pracoval jako ter\u00e9nn\u00ed veterin\u00e1\u0159. Druh\u00e9 vyd\u00e1n\u00ed bylo roz\u0161\u00ed\u0159eno o t\u0159i nov\u00e9 pov\u00eddky. Zden\u011bk Lys\u00fd Narodil se 18. 5. 1945 ve Fren\u0161t\u00e1t\u011b pod Radho\u0161t\u011bm. Vystudoval Vysokou \u0161kolu\u2026","rel":"","context":"Podobn\u00fd p\u0159\u00edsp\u011bvek","block_context":{"text":"Podobn\u00fd p\u0159\u00edsp\u011bvek","link":""},"img":{"alt_text":"","src":"https:\/\/i0.wp.com\/kotrla.com\/pmpro\/wp-content\/uploads\/2025\/02\/zl_004_allah_tomu_chtel-150x150.jpg?resize=350%2C200&ssl=1","width":350,"height":200,"srcset":"https:\/\/i0.wp.com\/kotrla.com\/pmpro\/wp-content\/uploads\/2025\/02\/zl_004_allah_tomu_chtel-150x150.jpg?resize=350%2C200&ssl=1 1x, https:\/\/i0.wp.com\/kotrla.com\/pmpro\/wp-content\/uploads\/2025\/02\/zl_004_allah_tomu_chtel-150x150.jpg?resize=525%2C300&ssl=1 1.5x, https:\/\/i0.wp.com\/kotrla.com\/pmpro\/wp-content\/uploads\/2025\/02\/zl_004_allah_tomu_chtel-150x150.jpg?resize=700%2C400&ssl=1 2x"},"classes":[]},{"id":10395,"url":"https:\/\/kotrla.com\/pmpro\/klenov\/jan-dadak-bozi-mlat-2023\/","url_meta":{"origin":10951,"position":5},"title":"Jan Dad\u00e1k: Bo\u017e\u00ed mlat (2023)","author":"Pavel Kotrla","date":"14.4.2023","format":false,"excerpt":"ISBN 978-80-908127-6-5 \u010cek\u00e1n\u00ed na d\u00e9\u0161\u0165 \u2014 Ost\u0159e prolamovanou mezerou v mraku Se stopami dl\u00e1ta je\u0161t\u011b na hran\u00e1ch Proch\u00e1z\u00ed zlato \u017eiln\u011bn\u00ed Srpek po\u0161tolky pod n\u00edm Ve vid\u011bn\u00ed vichrn\u00e9ho\u00a0\u2014 Ta jen nepohnut\u00e1 \u010deln\u011b Odol\u00e1v\u00e1 proud\u011bn\u00ed v\u00a0jeho bran\u00e1ch Ne\u017e spadne z\u00a0v\u00fd\u0161ky jako p\u0159esn\u00fd k\u00e1men Ne\u017e spadne ze stolu A k nepot\u0159eb\u011b kamsi odl\u00e9t\u00e1\u2026","rel":"","context":"Podobn\u00fd p\u0159\u00edsp\u011bvek","block_context":{"text":"Podobn\u00fd p\u0159\u00edsp\u011bvek","link":""},"img":{"alt_text":"","src":"https:\/\/i0.wp.com\/kotrla.com\/pmpro\/wp-content\/uploads\/2023\/04\/jan_dadak_bozi_mlat.jpg?resize=350%2C200&ssl=1","width":350,"height":200,"srcset":"https:\/\/i0.wp.com\/kotrla.com\/pmpro\/wp-content\/uploads\/2023\/04\/jan_dadak_bozi_mlat.jpg?resize=350%2C200&ssl=1 1x, https:\/\/i0.wp.com\/kotrla.com\/pmpro\/wp-content\/uploads\/2023\/04\/jan_dadak_bozi_mlat.jpg?resize=525%2C300&ssl=1 1.5x, https:\/\/i0.wp.com\/kotrla.com\/pmpro\/wp-content\/uploads\/2023\/04\/jan_dadak_bozi_mlat.jpg?resize=700%2C400&ssl=1 2x"},"classes":[]}],"jetpack_sharing_enabled":true,"_links":{"self":[{"href":"https:\/\/kotrla.com\/pmpro\/wp-json\/wp\/v2\/pages\/10951","targetHints":{"allow":["GET"]}}],"collection":[{"href":"https:\/\/kotrla.com\/pmpro\/wp-json\/wp\/v2\/pages"}],"about":[{"href":"https:\/\/kotrla.com\/pmpro\/wp-json\/wp\/v2\/types\/page"}],"author":[{"embeddable":true,"href":"https:\/\/kotrla.com\/pmpro\/wp-json\/wp\/v2\/users\/1"}],"replies":[{"embeddable":true,"href":"https:\/\/kotrla.com\/pmpro\/wp-json\/wp\/v2\/comments?post=10951"}],"version-history":[{"count":0,"href":"https:\/\/kotrla.com\/pmpro\/wp-json\/wp\/v2\/pages\/10951\/revisions"}],"up":[{"embeddable":true,"href":"https:\/\/kotrla.com\/pmpro\/wp-json\/wp\/v2\/pages\/3997"}],"wp:attachment":[{"href":"https:\/\/kotrla.com\/pmpro\/wp-json\/wp\/v2\/media?parent=10951"}],"curies":[{"name":"wp","href":"https:\/\/api.w.org\/{rel}","templated":true}]}}