{"id":3997,"date":"2018-12-01T12:31:36","date_gmt":"2018-12-01T11:31:36","guid":{"rendered":"http:\/\/kotrla.com\/pmpro\/?page_id=3997"},"modified":"2026-02-21T14:15:43","modified_gmt":"2026-02-21T13:15:43","slug":"klenov","status":"publish","type":"page","link":"https:\/\/kotrla.com\/pmpro\/klenov\/","title":{"rendered":"Nakladatelstv\u00ed Klenov"},"content":{"rendered":"<p><a href=\"https:\/\/kotrla.com\/pmpro\/wp-content\/uploads\/2023\/03\/nakladatelstvi_klenov_logo_bw_small.png\"><img loading=\"lazy\" decoding=\"async\" class=\"alignnone size-full wp-image-10254\" src=\"https:\/\/kotrla.com\/pmpro\/wp-content\/uploads\/2023\/03\/nakladatelstvi_klenov_logo_bw_small.png\" alt=\"\" width=\"150\" height=\"150\" \/><\/a><\/p>\r\n<p>Klenov \u2013 jednomu\u017en\u00e9 nakladatelstv\u00ed Pavla Kotrly.<\/p>\r\n<p>Knihy jsou v distribuci <a href=\"https:\/\/www.kosmas.cz\/nakladatelstvi\/879985\/klenov\/\">Kosmas<\/a> a <a href=\"https:\/\/www.pemic.cz\">Pemic<\/a>, m\u016f\u017eete zakoupit nap\u0159\u00edklad v s\u00edti prodejen\u00a0<a href=\"https:\/\/www.martinus.cz\/knihy\/vydavatelstvo\/mgr-pavel-kotrla\">Martinus<\/a>,\u00a0<a href=\"https:\/\/www.knihydobrovsky.cz\/publisher\/detail\/klenov-8288\">Dobrovsk\u00fd<\/a> nebo jin\u00fdch.\u00a0Bibliofilie <a href=\"https:\/\/kotrla.com\/pmpro\/klenov\/pavel-kotrla-libor-sostak-synonymum-krajina-2024\/\"><em>Synonymum krajina<\/em><\/a>, <a href=\"https:\/\/kotrla.com\/pmpro\/klenov\/pavel-kotrla-potize-se-zenami-2025\/\"><em>Pot\u00ed\u017ee se \u017eenami<\/em><\/a>, <em><a href=\"https:\/\/kotrla.com\/pmpro\/klenov\/ondrej-hlozek-hedvika-2025\/\">Hedvika<\/a><\/em> a <em><a href=\"https:\/\/kotrla.com\/pmpro\/klenov\/jak-urzon-obelstil-kojota-pribeh-indianu-juteu-2025\/\">Jak Urzon obelstil Kojota<\/a><\/em> nejsou v b\u011b\u017en\u00e9 distribuci, pro objedn\u00e1vku pou\u017eijte pros\u00edm <a href=\"https:\/\/kotrla.com\/pmpro\/objednavka-knih\/\">tento formul\u00e1\u0159<\/a>. Ten m\u016f\u017eete vyu\u017e\u00edt i pro objedn\u00e1vku dal\u0161\u00edch knih z produkce nakladatelstv\u00ed.\u00a0V p\u0159\u00edpad\u011b z\u00e1jmu o recenzn\u00ed v\u00fdtisk mne pros\u00edm <a href=\"https:\/\/kotrla.com\/pmpro\/kontakt\/\">kontaktujte<\/a>. R\u00e1d za\u0161lu v ti\u0161t\u011bn\u00e9 nebo elektronick\u00e9 podob\u011b.<\/p>\r\n<p>Knihy Klenova najdete i na <a href=\"https:\/\/www.facebook.com\/nakladatelstvi.klenov\/\">Facebooku<\/a> nebo <a href=\"https:\/\/www.instagram.com\/nakladatelstviklenov\/\">Instagramu<\/a>.<\/p>\r\n<ol>\r\n<li><a href=\"https:\/\/kotrla.com\/pmpro\/klenov\/robert-golan-romske-cesty-2013\/\">Robert Gol\u00e1\u0148: Romsk\u00e9 cesty, 2013 (ISBN 978-80-905649-0-9)<\/a><\/li>\r\n<li><a href=\"https:\/\/kotrla.com\/pmpro\/2017\/05\/ondrej-hlozek-ulici-dolorosa\/\">Ond\u0159ej Hlo\u017eek: Ulic\u00ed Dolorosa, 2017 (ISBN 978-80-905649-1-6)<\/a><\/li>\r\n<li><a href=\"https:\/\/kotrla.com\/pmpro\/2017\/07\/slovinsky-film-a-frantisek-cap\/\">Franti\u0161ek \u010c\u00e1p a slovinsk\u00fd film, 2017 (ISBN 978-80-905649-2-3)<\/a><\/li>\r\n<li><a href=\"https:\/\/kotrla.com\/pmpro\/2018\/04\/ondrej-hlozek-dedeckova-almara\/\">Ond\u0159ej Hlo\u017eek: D\u011bde\u010dkova almara, 2018 (ISBN 978-80-905649-3-0)<\/a><\/li>\r\n<li><a href=\"https:\/\/kotrla.com\/pmpro\/2018\/11\/oldrich-suler-ukradeny-smich\/\">Old\u0159ich \u0160ule\u0159: Ukraden\u00fd sm\u00edch, 2018 (ISBN 978-80-905649-4-7)<\/a><\/li>\r\n<li><a href=\"https:\/\/kotrla.com\/pmpro\/2019\/03\/libor-sostak-parizsky-skicak\/\">Libor So\u0161\u0165\u00e1k: Pa\u0159\u00ed\u017esk\u00fd skic\u00e1k, 2019 (ISBN 978-80-905649-5-4)<\/a><\/li>\r\n<li><a href=\"https:\/\/kotrla.com\/pmpro\/klenov\/pavel-kotrla-mirny-severni-2019\/\">Pavel Kotrla: M\u00edrn\u00fd severn\u00ed, 2019 (ISBN 978-80-905649-6-1)<\/a><\/li>\r\n<li><a href=\"https:\/\/kotrla.com\/pmpro\/klenov\/mirkovi\/\">Mirkovi. Sborn\u00edk p\u0159\u00edsp\u011bvk\u016f k sedmdes\u00e1tin\u00e1m Miroslava Machaly, 2020 (ISBN 978-80-905649-7-8)<\/a><\/li>\r\n<li><a href=\"https:\/\/kotrla.com\/pmpro\/klenov\/ondrej-hlozek-zlatenka-2020\/\">Ond\u0159ej Hlo\u017eek: Zlat\u00e9nka, 2020 (ISBN 978-80-905649-8-5)<\/a><\/li>\r\n<li><a href=\"https:\/\/kotrla.com\/pmpro\/klenov\/alzbeta-johanka-petrova-a-katerina-sysova-zastaveni-2021\/\">Al\u017eb\u011bta Johanka Petrov\u00e1 a Kate\u0159ina S\u00fdsov\u00e1: Zastaveni, 2021 (ISBN 978-80-905649-9-2)<\/a><\/li>\r\n<li><a href=\"https:\/\/kotrla.com\/pmpro\/klenov\/ondrej-hlozek-mircevovy-oci-2021\/\">Ond\u0159ej Hlo\u017eek: Mir\u010devovy o\u010di, 2021 (ISBN 978-80-908127-0-3)<\/a><\/li>\r\n<li><a href=\"https:\/\/kotrla.com\/pmpro\/klenov\/portret-charlotty-garrigue-masarykove-2021\/\">Portr\u00e9t Charlotty Garrigue Masarykov\u00e9 v korespondenci Vset\u00ed\u0148an\u016fm a ve vzpom\u00ednk\u00e1ch, 2021 <br \/>(ISBN 978-80-908127-1-0)<\/a><\/li>\r\n<li><a href=\"https:\/\/kotrla.com\/pmpro\/klenov\/jakub-chrobak-v-krvavinach-2021\/\">Jakub Chrob\u00e1k: V krvavin\u00e1ch, 2021 (ISBN 9978-80-908127-2-7)<\/a><\/li>\r\n<li><a href=\"https:\/\/kotrla.com\/pmpro\/klenov\/lenka-halova-letajici-jelen-2022\/\">Lenka Halov\u00e1: L\u00e9taj\u00edc\u00ed jelen, 2022 (ISBN 978-80-908127-3-4)<\/a><\/li>\r\n<li><a href=\"https:\/\/kotrla.com\/pmpro\/klenov\/ondrej-hlozek-slezsky-nonstop-2022\/\">Ond\u0159ej Hlo\u017eek: Slezsk\u00fd nonstop, 2022 (ISBN 978-80-908127-4-1)<\/a><\/li>\r\n<li><a href=\"https:\/\/kotrla.com\/pmpro\/klenov\/stanislav-denk-hlava-vody-2022\/\">Stanislav Denk: Hlava vody, 2022 (ISBN 978-80-908127-5-8)<\/a><\/li>\r\n<li dir=\"auto\"><a href=\"https:\/\/kotrla.com\/pmpro\/klenov\/jan-dadak-bozi-mlat-2023\/\">Jan Dad\u00e1k: Bo\u017e\u00ed mlat, 2023 (ISBN 978-80-908127-6-5)<\/a><\/li>\r\n<li dir=\"auto\"><a href=\"https:\/\/kotrla.com\/pmpro\/klenov\/pavel-kotrla-stinovy-profil-2023\/\">Pavel Kotrla: St\u00ednov\u00fd profil, 2023 (ISBN 978-80-908127-7-2)<\/a><\/li>\r\n<li><a href=\"https:\/\/kotrla.com\/pmpro\/klenov\/rajko-grlic-neodvypravene-pribehy-2023\/\">Rajko Grli\u0107: Neodvypr\u00e1v\u011bn\u00e9 p\u0159\u00edb\u011bhy, 2023 (ISBN 978-80-908127-8-9)<\/a><\/li>\r\n<li><a href=\"https:\/\/kotrla.com\/pmpro\/klenov\/pavel-kotrla-libor-sostak-synonymum-krajina-2024\/\">Pavel Kotrla \u2013 Libor So\u0161\u0165\u00e1k: Synonymum krajina, 2024 (ISBN 978-80-908127-9-6)<\/a><\/li>\r\n<li><a href=\"https:\/\/kotrla.com\/pmpro\/klenov\/zdenek-volf-z-osrdceni-2024\/\">Zden\u011bk Volf: Z osrdcen\u00ed, 2024 (ISBN 978-80-909228-0-8)<\/a><\/li>\r\n<li><a href=\"https:\/\/kotrla.com\/pmpro\/klenov\/miroslav-cerny-moudrost-stezky-2024\/\">Miroslav \u010cern\u00fd: Moudrost stezky, 2024 (978-80-909228-1-5)<\/a><\/li>\r\n<li><a href=\"https:\/\/kotrla.com\/pmpro\/klenov\/zdenek-lysy-nejen-mezi-nomady-2025\/\">Zden\u011bk Lys\u00fd: Nejen mezi nom\u00e1dy, 2025 (ISBN 978-80-909228-2-2)<\/a><\/li>\r\n<li><a href=\"https:\/\/kotrla.com\/pmpro\/klenov\/pavel-kotrla-potize-se-zenami-2025\/\">Pavel Kotrla: Pot\u00ed\u017ee se \u017eenami, 2025 (ISBN 978-80-909228-3-9)<\/a><\/li>\r\n<li><a href=\"https:\/\/kotrla.com\/pmpro\/klenov\/jiri-dynka-zdrhnout-cz-2025\/\">Ji\u0159\u00ed Dynka: Zdrhnout CZ, 2025 (ISBN 978-80-909228-4-6)<\/a><\/li>\r\n<li><a href=\"https:\/\/kotrla.com\/pmpro\/klenov\/petr-ligocky-predtim-nez-se-setmi-2025\/\">Petr Ligock\u00fd: P\u0159edt\u00edm ne\u017e se setm\u00ed, 2025 (ISBN\u00a0978-80-909228-5-3)<\/a><\/li>\r\n<li><a href=\"https:\/\/kotrla.com\/pmpro\/klenov\/miroslav-cerny-sentimentalni-pijaci-2025\/\">Miroslav \u010cern\u00fd: Sentiment\u00e1ln\u00ed pij\u00e1ci, 2025 (ISBN 978-80-909228-6-0)<\/a><\/li>\r\n<li><a href=\"https:\/\/kotrla.com\/pmpro\/klenov\/ondrej-hlozek-hedvika-2025\/\">Ond\u0159ej Hlo\u017eek: Hedvika, 2025 (ISBN 978-80-909228-7-7)<\/a><\/li>\r\n<li><a href=\"https:\/\/kotrla.com\/pmpro\/klenov\/benedikt-zuzanik-boleslavna-a-jine-narky-2025\/\">Benedikt Zuzan\u00edk: Boleslavn\u00e1 a jin\u00e9 n\u00e1\u0159ky, 2025 (ISBN 978-80-909228-8-4)<\/a><\/li>\r\n<li><a href=\"https:\/\/kotrla.com\/pmpro\/klenov\/jak-urzon-obelstil-kojota-pribeh-indianu-juteu-2025\/\">Jak Urzon obelstil Kojota (P\u0159\u00edb\u011bh indi\u00e1n\u016f Jute\u016f), 2025 (ISBN 978-80-909228-9-1)<\/a><\/li>\r\n<li><a href=\"https:\/\/kotrla.com\/pmpro\/klenov\/filip-hrazdil-reka-odnasi-stiny-stromu-2026\/\">Filip Hrazdil: \u0158eka odn\u00e1\u0161\u00ed st\u00edny strom\u016f, 2026 (ISBN 978-80-88531-00-5)<\/a><\/li>\r\n<\/ol>\r\n<p>V tisku<\/p>\r\n<ol>\r\n<li>\u00a0<\/li>\r\n<\/ol>\r\n<p>P\u0159ipravuje se, mo\u017en\u00e1 n\u011bkdy vyjde:<\/p>\r\n<ol>\r\n<li>Miroslav \u010cern\u00fd: Finisterre (2026)<\/li>\r\n<li>Josef Osyka: O klenovskej \u010f\u00fa\u0159e. (2026)<\/li>\r\n<li>Ji\u0159\u00ed Hort: Komu pat\u0159\u00ed d\u00e9\u0161\u0165 (2026)<\/li>\r\n<li>Jana Baletkov\u00e1: TY v b\u0159\u00ed\u0161ku (2026)<\/li>\r\n<li>Irena \u0160\u0165astn\u00e1: Na\u0161li jej\u00edho t\u00e1tu viset na provaze v hospod\u011b naproti (2026)<\/li>\r\n<li>Oskar Straka, Jeremi\u00e1\u0161 Dudek: Li\u0161\u00e1k Zrzoun \u2013 velk\u00fd lump a drzoun (2026)<\/li>\r\n<\/ol>\r\n<p>&nbsp;<\/p>\r\n<p>Kontakt:<\/p>\r\n<p>Mgr. Pavel Kotrla<br \/>Nakladatelstv\u00ed Klenov<br \/>Byst\u0159i\u010dka 267, 756 24, \u010cesk\u00e1 republika<br \/>W: http:\/\/kotrla.com | E: pavel@kotrla.com<br \/>M: 732 173 729 | I\u010c 66938368<\/p>\r\n\r\n<div class=\"wp-block-columns is-layout-flex wp-container-core-columns-is-layout-28f84493 wp-block-columns-is-layout-flex\">\r\n<div class=\"wp-block-column is-layout-flow wp-block-column-is-layout-flow\" style=\"flex-basis: 100%;\">\u00a0<\/div>\r\n<\/div>\r\n","protected":false},"excerpt":{"rendered":"<p>Klenov \u2013 jednomu\u017en\u00e9 nakladatelstv\u00ed Pavla Kotrly. Knihy jsou v distribuci Kosmas a Pemic, m\u016f\u017eete zakoupit nap\u0159\u00edklad v s\u00edti prodejen\u00a0Martinus,\u00a0Dobrovsk\u00fd nebo jin\u00fdch.\u00a0Bibliofilie Synonymum krajina, Pot\u00ed\u017ee se \u017eenami, Hedvika a Jak Urzon obelstil Kojota nejsou v b\u011b\u017en\u00e9 distribuci, pro objedn\u00e1vku pou\u017eijte pros\u00edm tento formul\u00e1\u0159. Ten m\u016f\u017eete vyu\u017e\u00edt i pro objedn\u00e1vku dal\u0161\u00edch knih z produkce nakladatelstv\u00ed.\u00a0V p\u0159\u00edpad\u011b z\u00e1jmu [&hellip;]<\/p>\n","protected":false},"author":1,"featured_media":0,"parent":0,"menu_order":0,"comment_status":"closed","ping_status":"closed","template":"","meta":{"site-sidebar-layout":"default","site-content-layout":"default","ast-site-content-layout":"default","site-content-style":"default","site-sidebar-style":"default","ast-global-header-display":"","ast-banner-title-visibility":"","ast-main-header-display":"","ast-hfb-above-header-display":"","ast-hfb-below-header-display":"","ast-hfb-mobile-header-display":"","site-post-title":"","ast-breadcrumbs-content":"","ast-featured-img":"","footer-sml-layout":"","ast-disable-related-posts":"","theme-transparent-header-meta":"default","adv-header-id-meta":"","stick-header-meta":"","header-above-stick-meta":"","header-main-stick-meta":"","header-below-stick-meta":"","astra-migrate-meta-layouts":"set","ast-page-background-enabled":"default","ast-page-background-meta":{"desktop":{"background-color":"var(--ast-global-color-5)","background-image":"","background-repeat":"repeat","background-position":"center center","background-size":"auto","background-attachment":"scroll","background-type":"","background-media":"","overlay-type":"","overlay-color":"","overlay-opacity":"","overlay-gradient":""},"tablet":{"background-color":"","background-image":"","background-repeat":"repeat","background-position":"center center","background-size":"auto","background-attachment":"scroll","background-type":"","background-media":"","overlay-type":"","overlay-color":"","overlay-opacity":"","overlay-gradient":""},"mobile":{"background-color":"","background-image":"","background-repeat":"repeat","background-position":"center center","background-size":"auto","background-attachment":"scroll","background-type":"","background-media":"","overlay-type":"","overlay-color":"","overlay-opacity":"","overlay-gradient":""}},"ast-content-background-meta":{"desktop":{"background-color":"var(--ast-global-color-4)","background-image":"","background-repeat":"repeat","background-position":"center center","background-size":"auto","background-attachment":"scroll","background-type":"","background-media":"","overlay-type":"","overlay-color":"","overlay-opacity":"","overlay-gradient":""},"tablet":{"background-color":"var(--ast-global-color-4)","background-image":"","background-repeat":"repeat","background-position":"center center","background-size":"auto","background-attachment":"scroll","background-type":"","background-media":"","overlay-type":"","overlay-color":"","overlay-opacity":"","overlay-gradient":""},"mobile":{"background-color":"var(--ast-global-color-4)","background-image":"","background-repeat":"repeat","background-position":"center center","background-size":"auto","background-attachment":"scroll","background-type":"","background-media":"","overlay-type":"","overlay-color":"","overlay-opacity":"","overlay-gradient":""}},"jetpack_post_was_ever_published":false,"footnotes":""},"class_list":["post-3997","page","type-page","status-publish","hentry"],"jetpack_shortlink":"https:\/\/wp.me\/P4mLP7-12t","jetpack-related-posts":[{"id":13433,"url":"https:\/\/kotrla.com\/pmpro\/klenov\/benedikt-zuzanik-boleslavna-a-jine-narky-2025\/","url_meta":{"origin":3997,"position":0},"title":"Benedikt Zuzan\u00edk: Boleslavn\u00e1 a jin\u00e9 n\u00e1\u0159ky (2025)","author":"Pavel Kotrla","date":"14.11.2025","format":false,"excerpt":"ISBN 978-80-909228-8-4 Doporu\u010den\u00e1 cena knihy je 150 K\u010d. Kniha nen\u00ed v b\u011b\u017en\u00e9 distribuci, lze si ji v\u0161ak objednat u nakladatele. Nekomplikovan\u00e9, katolickou obraznost\u00ed prostoupen\u00e9 ver\u0161e u\u010ditele a p\u0159ekladatele Benedikta Zuzan\u00edka (*1979) traktuj\u00ed\u00a0bolest neop\u011btovan\u00e9 l\u00e1sky a zra\u0148uj\u00edc\u00edho m\u00edjen\u00ed\u00a0spolu s\u00a0melancholi\u00ed viny a st\u00e1rnut\u00ed. Prochv\u00edv\u00e1 jimi osam\u011blost a zti\u0161en\u00ed slov\u00e1ck\u00e9ho venkova i ozvuky\u2026","rel":"","context":"Similar post","block_context":{"text":"Similar post","link":""},"img":{"alt_text":"","src":"https:\/\/i0.wp.com\/kotrla.com\/pmpro\/wp-content\/uploads\/2025\/11\/zuzanik_boleslavna_07-150x150.jpg?resize=350%2C200&ssl=1","width":350,"height":200,"srcset":"https:\/\/i0.wp.com\/kotrla.com\/pmpro\/wp-content\/uploads\/2025\/11\/zuzanik_boleslavna_07-150x150.jpg?resize=350%2C200&ssl=1 1x, https:\/\/i0.wp.com\/kotrla.com\/pmpro\/wp-content\/uploads\/2025\/11\/zuzanik_boleslavna_07-150x150.jpg?resize=525%2C300&ssl=1 1.5x, https:\/\/i0.wp.com\/kotrla.com\/pmpro\/wp-content\/uploads\/2025\/11\/zuzanik_boleslavna_07-150x150.jpg?resize=700%2C400&ssl=1 2x"},"classes":[]},{"id":13043,"url":"https:\/\/kotrla.com\/pmpro\/klenov\/petr-ligocky-predtim-nez-se-setmi-2025\/","url_meta":{"origin":3997,"position":1},"title":"Petr Ligock\u00fd: P\u0159edt\u00edm ne\u017e se setm\u00ed (2025)","author":"Pavel Kotrla","date":"25.9.2025","format":false,"excerpt":"ISBN\u00a0978-80-909228-5-3 Doporu\u010den\u00e1 cena knihy je 220 K\u010d Sb\u00edrka Petra Ligock\u00e9ho P\u0159edt\u00edm ne\u017e se setm\u00ed\u00a0je tich\u00fdm a hlubok\u00fdm ponorem do sv\u011bta ka\u017edodennosti, p\u0159\u00edrody a vnit\u0159n\u00edho pro\u017e\u00edv\u00e1n\u00ed. Autor zde navazuje na tradici japonsk\u00e9ho haiku a korejsk\u00e9 zenov\u00e9 poezie, z\u00e1rove\u0148 v\u0161ak tyto formy obohacuje o evropskou citlivost a osobn\u00ed pro\u017eitky. V\u00fdsledkem je kniha,\u2026","rel":"","context":"Similar post","block_context":{"text":"Similar post","link":""},"img":{"alt_text":"","src":"https:\/\/i0.wp.com\/kotrla.com\/pmpro\/wp-content\/uploads\/2025\/09\/sipos_01-150x150.jpg?resize=350%2C200&ssl=1","width":350,"height":200,"srcset":"https:\/\/i0.wp.com\/kotrla.com\/pmpro\/wp-content\/uploads\/2025\/09\/sipos_01-150x150.jpg?resize=350%2C200&ssl=1 1x, https:\/\/i0.wp.com\/kotrla.com\/pmpro\/wp-content\/uploads\/2025\/09\/sipos_01-150x150.jpg?resize=525%2C300&ssl=1 1.5x, https:\/\/i0.wp.com\/kotrla.com\/pmpro\/wp-content\/uploads\/2025\/09\/sipos_01-150x150.jpg?resize=700%2C400&ssl=1 2x, https:\/\/i0.wp.com\/kotrla.com\/pmpro\/wp-content\/uploads\/2025\/09\/sipos_01-150x150.jpg?resize=1050%2C600&ssl=1 3x, https:\/\/i0.wp.com\/kotrla.com\/pmpro\/wp-content\/uploads\/2025\/09\/sipos_01-150x150.jpg?resize=1400%2C800&ssl=1 4x"},"classes":[]},{"id":13834,"url":"https:\/\/kotrla.com\/pmpro\/bibliofilie\/bibliofilie-rozcestnik\/","url_meta":{"origin":3997,"position":2},"title":"Bibliofilie \u2013 rozcestn\u00edk","author":"Pavel Kotrla","date":"25.12.2025","format":false,"excerpt":"Spolky Spolek \u010desk\u00fdch bibliofil\u016f https:\/\/spolekceskychbibliofilu.cz Nakladatelstv\u00ed Adolescent http:\/\/www.adolescent.cz Antikvari\u00e1t Fiducia https:\/\/klubfiducia.cz\/kategorie-produktu\/knihy\/ Arbor Vitae http:\/\/www.arborvitae.cz Argo http:\/\/www.argo-bibliofilie.cz Art Space NOV https:\/\/artspacenov.cz\/category\/publikace\/ Ateli\u00e9r Krupka - nakladatelstv\u00ed Ve str\u00e1ni https:\/\/atelierkrupka.cz Aulos https:\/\/aulos.cz Avart https:\/\/www.avart.cz\/bibliofilie Balbineum https:\/\/www.balbineum.cz Bylo nebylo https:\/\/www.bylonebylo.com Drtina Lubo\u0161 http:\/\/www.lubosdrtina.cz\/index.php?\/autorske\/19862010\/ Edice 33, Franti\u0161ek Jan\u00e1s https:\/\/www.edice33.eu + https:\/\/www.bibliofilie-edice33.cz Galerie Zden\u011bk Sklen\u00e1\u0159 https:\/\/www.zdeneksklenar.cz\/bibliofilie\u2026","rel":"","context":"Similar post","block_context":{"text":"Similar post","link":""},"img":{"alt_text":"","src":"","width":0,"height":0},"classes":[]},{"id":6738,"url":"https:\/\/kotrla.com\/pmpro\/klenov\/ondrej-hlozek-zlatenka-2020\/","url_meta":{"origin":3997,"position":3},"title":"Ond\u0159ej Hlo\u017eek: Zlat\u00e9nka (2020)","author":"Pavel Kotrla","date":"14.8.2020","format":false,"excerpt":"ISBN 978-80-905649-8-5 Ond\u0159ej Hlo\u017eek (* 1986) je b\u00e1sn\u00edk, liter\u00e1rn\u00ed kritik, po\u0159adatel kulturn\u00edch akc\u00ed. Poch\u00e1z\u00ed z Opavy, kde vystudoval \u010deskou literaturu na Slezsk\u00e9 univerzit\u011b. Vydal p\u011bt b\u00e1snick\u00fdch knih: T\u00ed\u017einy (2011), Dom\u016f (2013), Ulic\u00ed Dolorosa (2017), Te\u010f (2017), \u0158ez kamenem (2019). Jeho texty byly p\u0159elo\u017eeny a publikov\u00e1ny do n\u011bkolika evropsk\u00fdch jazyk\u016f. Je\u2026","rel":"","context":"Similar post","block_context":{"text":"Similar post","link":""},"img":{"alt_text":"Ond\u0159ej Hlo\u017eek: Zlat\u00e9nka","src":"https:\/\/i0.wp.com\/kotrla.com\/pmpro\/wp-content\/uploads\/2020\/08\/obalka_hlozek_zlatenka_obalka.jpg?resize=350%2C200&ssl=1","width":350,"height":200,"srcset":"https:\/\/i0.wp.com\/kotrla.com\/pmpro\/wp-content\/uploads\/2020\/08\/obalka_hlozek_zlatenka_obalka.jpg?resize=350%2C200&ssl=1 1x, https:\/\/i0.wp.com\/kotrla.com\/pmpro\/wp-content\/uploads\/2020\/08\/obalka_hlozek_zlatenka_obalka.jpg?resize=525%2C300&ssl=1 1.5x, https:\/\/i0.wp.com\/kotrla.com\/pmpro\/wp-content\/uploads\/2020\/08\/obalka_hlozek_zlatenka_obalka.jpg?resize=700%2C400&ssl=1 2x, https:\/\/i0.wp.com\/kotrla.com\/pmpro\/wp-content\/uploads\/2020\/08\/obalka_hlozek_zlatenka_obalka.jpg?resize=1050%2C600&ssl=1 3x"},"classes":[]},{"id":10397,"url":"https:\/\/kotrla.com\/pmpro\/klenov\/pavel-kotrla-stinovy-profil-2023\/","url_meta":{"origin":3997,"position":4},"title":"Pavel Kotrla: St\u00ednov\u00fd profil (2023)","author":"Pavel Kotrla","date":"14.4.2023","format":false,"excerpt":"ISBN 978-80-908127-7-2 T\u0159et\u00ed sb\u00edrka b\u00e1sn\u00ed Pavla Kotrly\u00a0St\u00ednov\u00fd profil\u00a0je synt\u00e9zou sb\u00edrek p\u0159edchoz\u00edch. Pl\u00e1tno jit\u0159iv\u00fdch p\u0159edstav, kter\u00e9 bezohledn\u011b pop\u00edraly p\u0159\u00edtomnost, b\u00e1sn\u00edk nyn\u00ed bez l\u00edtosti vypnul do r\u00e1mu pokro\u010dilej\u0161\u00ed zku\u0161enosti, kter\u00e1 ze dne na den neut\u011b\u0161en\u011b p\u0159ib\u00fdv\u00e1. Z\u00e1pas veden\u00fd s\u00a0vlastn\u00edm v\u011bdom\u00edm tv\u00e1\u0159\u00ed v\u00a0tv\u00e1\u0159 odkouzlen\u00e9mu sv\u011btu nen\u00ed rozhodnut\u00fd. Ve\u0161ker\u00e9 obavy z\u00a0budoucnosti dosud klidn\u011b, t\u00e9m\u011b\u0159\u2026","rel":"","context":"Similar post","block_context":{"text":"Similar post","link":""},"img":{"alt_text":"","src":"https:\/\/i0.wp.com\/kotrla.com\/pmpro\/wp-content\/uploads\/2023\/04\/klenov_IMGP5683-150x150.jpg?resize=350%2C200&ssl=1","width":350,"height":200,"srcset":"https:\/\/i0.wp.com\/kotrla.com\/pmpro\/wp-content\/uploads\/2023\/04\/klenov_IMGP5683-150x150.jpg?resize=350%2C200&ssl=1 1x, https:\/\/i0.wp.com\/kotrla.com\/pmpro\/wp-content\/uploads\/2023\/04\/klenov_IMGP5683-150x150.jpg?resize=525%2C300&ssl=1 1.5x, https:\/\/i0.wp.com\/kotrla.com\/pmpro\/wp-content\/uploads\/2023\/04\/klenov_IMGP5683-150x150.jpg?resize=700%2C400&ssl=1 2x, https:\/\/i0.wp.com\/kotrla.com\/pmpro\/wp-content\/uploads\/2023\/04\/klenov_IMGP5683-150x150.jpg?resize=1050%2C600&ssl=1 3x, https:\/\/i0.wp.com\/kotrla.com\/pmpro\/wp-content\/uploads\/2023\/04\/klenov_IMGP5683-150x150.jpg?resize=1400%2C800&ssl=1 4x"},"classes":[]},{"id":13618,"url":"https:\/\/kotrla.com\/pmpro\/klenov\/jak-urzon-obelstil-kojota-pribeh-indianu-juteu-2025\/","url_meta":{"origin":3997,"position":5},"title":"Jak Urzon obelstil Kojota (P\u0159\u00edb\u011bh indi\u00e1n\u016f Jute\u016f) (2025)","author":"Pavel Kotrla","date":"4.12.2025","format":false,"excerpt":"ISBN 978-80-909228-9-1 Doporu\u010den\u00e1 cena knihy je 400 K\u010d. Kniha nen\u00ed v b\u011b\u017en\u00e9 distribuci, lze si ji v\u0161ak objednat u nakladatele. Tradi\u010dn\u00ed m\u00fdtus indi\u00e1n\u016f Jute\u016f vypr\u00e1v\u00ed o d\u016fvtipn\u00e9m Urzonovi, kter\u00fd na sv\u00e9 cest\u011b za dobrodru\u017estv\u00edm p\u0159elst\u00ed nejen mohutn\u00e9ho bizona, ale i vychytral\u00e9ho a chamtiv\u00e9ho Kojota. S\u00e9rie lst\u00ed, klam\u016f a zvrat\u016f postupn\u011b\u2026","rel":"","context":"Similar post","block_context":{"text":"Similar post","link":""},"img":{"alt_text":"","src":"https:\/\/i0.wp.com\/kotrla.com\/pmpro\/wp-content\/uploads\/2025\/12\/urzon_IMGP0700-150x150.jpg?resize=350%2C200&ssl=1","width":350,"height":200,"srcset":"https:\/\/i0.wp.com\/kotrla.com\/pmpro\/wp-content\/uploads\/2025\/12\/urzon_IMGP0700-150x150.jpg?resize=350%2C200&ssl=1 1x, https:\/\/i0.wp.com\/kotrla.com\/pmpro\/wp-content\/uploads\/2025\/12\/urzon_IMGP0700-150x150.jpg?resize=525%2C300&ssl=1 1.5x, https:\/\/i0.wp.com\/kotrla.com\/pmpro\/wp-content\/uploads\/2025\/12\/urzon_IMGP0700-150x150.jpg?resize=700%2C400&ssl=1 2x, https:\/\/i0.wp.com\/kotrla.com\/pmpro\/wp-content\/uploads\/2025\/12\/urzon_IMGP0700-150x150.jpg?resize=1050%2C600&ssl=1 3x, https:\/\/i0.wp.com\/kotrla.com\/pmpro\/wp-content\/uploads\/2025\/12\/urzon_IMGP0700-150x150.jpg?resize=1400%2C800&ssl=1 4x"},"classes":[]}],"jetpack_sharing_enabled":true,"_links":{"self":[{"href":"https:\/\/kotrla.com\/pmpro\/wp-json\/wp\/v2\/pages\/3997","targetHints":{"allow":["GET"]}}],"collection":[{"href":"https:\/\/kotrla.com\/pmpro\/wp-json\/wp\/v2\/pages"}],"about":[{"href":"https:\/\/kotrla.com\/pmpro\/wp-json\/wp\/v2\/types\/page"}],"author":[{"embeddable":true,"href":"https:\/\/kotrla.com\/pmpro\/wp-json\/wp\/v2\/users\/1"}],"replies":[{"embeddable":true,"href":"https:\/\/kotrla.com\/pmpro\/wp-json\/wp\/v2\/comments?post=3997"}],"version-history":[{"count":17,"href":"https:\/\/kotrla.com\/pmpro\/wp-json\/wp\/v2\/pages\/3997\/revisions"}],"predecessor-version":[{"id":14124,"href":"https:\/\/kotrla.com\/pmpro\/wp-json\/wp\/v2\/pages\/3997\/revisions\/14124"}],"wp:attachment":[{"href":"https:\/\/kotrla.com\/pmpro\/wp-json\/wp\/v2\/media?parent=3997"}],"curies":[{"name":"wp","href":"https:\/\/api.w.org\/{rel}","templated":true}]}}