{"id":6609,"date":"2020-05-10T19:01:10","date_gmt":"2020-05-10T18:01:10","guid":{"rendered":"http:\/\/kotrla.com\/pmpro\/?page_id=6609"},"modified":"2025-11-14T09:05:56","modified_gmt":"2025-11-14T08:05:56","slug":"mirkovi","status":"publish","type":"page","link":"https:\/\/kotrla.com\/pmpro\/klenov\/mirkovi\/","title":{"rendered":"Mirkovi."},"content":{"rendered":"<h3>Sborn\u00edk p\u0159\u00edsp\u011bvk\u016f k\u00a0sedmdes\u00e1tin\u00e1m Miroslava Machaly<\/h3>\n<p>ISBN 978-80-905649-7-8<\/p>\n<p>Kniha byly vyd\u00e1na u p\u0159\u00edle\u017eitosti \u017eivotn\u00edho jubilea socha\u0159e Miroslava Machaly. Fotograf Robert Gol\u00e1\u0148 mnohokr\u00e1t prov\u00e1zel socha\u0159e p\u0159i nejr\u016fzn\u011bj\u0161\u00edch p\u0159\u00edle\u017eitostech \u2013 p\u0159i pr\u00e1ci, na cest\u00e1ch nebo p\u0159i odpo\u010dinku. Vznikl tak unik\u00e1tn\u00ed soubor fotografi\u00ed, kter\u00e9 dokumentuj\u00ed pestr\u00e9 fasety Mirkova \u017eivota. V\u00fdb\u011br pro tuto publikaci doplnil Jakub Chrob\u00e1k sv\u00fdmi b\u00e1sn\u011bmi a p\u0159\u00e1tel\u00e9 r\u00e1di p\u0159idali sv\u00e9 vzpom\u00ednky a vyzn\u00e1n\u00ed.<\/p>\n<figure id=\"attachment_6610\" aria-describedby=\"caption-attachment-6610\" style=\"width: 1363px\" class=\"wp-caption alignnone\"><a href=\"https:\/\/kotrla.com\/pmpro\/wp-content\/uploads\/2020\/05\/mm_70_obalka_predek.png\"><img loading=\"lazy\" decoding=\"async\" class=\"size-full wp-image-6610\" src=\"https:\/\/kotrla.com\/pmpro\/wp-content\/uploads\/2020\/05\/mm_70_obalka_predek.png\" alt=\"Mirkovi. Sborn\u00edk p\u0159\u00edsp\u011bvk\u016f k sedmdes\u00e1tin\u00e1m Miroslava Machaly\" width=\"1363\" height=\"1238\" srcset=\"https:\/\/kotrla.com\/pmpro\/wp-content\/uploads\/2020\/05\/mm_70_obalka_predek.png 1363w, https:\/\/kotrla.com\/pmpro\/wp-content\/uploads\/2020\/05\/mm_70_obalka_predek-300x272.png 300w, https:\/\/kotrla.com\/pmpro\/wp-content\/uploads\/2020\/05\/mm_70_obalka_predek-1024x930.png 1024w\" sizes=\"auto, (max-width: 1363px) 100vw, 1363px\" \/><\/a><figcaption id=\"caption-attachment-6610\" class=\"wp-caption-text\">Mirkovi. Sborn\u00edk p\u0159\u00edsp\u011bvk\u016f k sedmdes\u00e1tin\u00e1m Miroslava Machaly<\/figcaption><\/figure>\n<p>Akademick\u00fd socha\u0159 <strong>Miroslav Machala<\/strong> (* 9. 5. 1950) vystudoval vset\u00ednsk\u00e9 gymn\u00e1zium a\u00a0na\u00a0Vysok\u00e9 \u0161kole um\u011bleckopr\u016fmyslov\u00e9 v\u00a0Praze v\u00a0atelieru profesora Josefa Malejovsk\u00e9ho obor voln\u00e9 socha\u0159stv\u00ed. V\u00a0roce 1977 se vr\u00e1til na\u00a0Vala\u0161sko a\u00a0v\u011bnuje se voln\u00e9 plastice a\u00a0restaur\u00e1torstv\u00ed. Vystavoval na\u00a0\u0159ad\u011b spole\u010dn\u00fdch a\u00a0samostatn\u00fdch v\u00fdstav. V\u00a0restaur\u00e1torsk\u00e9 pr\u00e1ci se autor mimo jin\u00e9 pod\u00edlel na\u00a0kopii sochy sv. Bernarda na\u00a0Karlov\u011b most\u011b v\u00a0Praze, vytvo\u0159il \u0159adu kopi\u00ed barokn\u00edch soch\u00a0\u2013 sv. Jana Nepomuck\u00e9ho, sv. Michaela, sv. Ign\u00e1ce z\u00a0Loyoly, Panny Marie Immaculaty, sv. Floriana aj. Pod\u00edlel se na\u00a0obnov\u011b renesan\u010dn\u00edch ark\u00e1d z\u00e1mku v\u00a0Hustope\u010d\u00edch nad Be\u010dvou. Skulptura \u201ePlanetka Vset\u00edn\u201c je realizov\u00e1na na\u00a0z\u00e1klad\u011b socha\u0159ova \u00fasp\u011bchu ve\u00a0v\u00fdb\u011brov\u00e9m \u0159\u00edzen\u00ed ve\u00a0Vset\u00edn\u011b na\u00a0um\u011bleck\u00e9 d\u00edlo pro nov\u011b rekonstruovan\u00e9 Doln\u00ed n\u00e1m\u011bst\u00ed. Mezi nejnov\u011bj\u0161\u00ed monument\u00e1ln\u00ed socha\u0159sk\u00e9 objekty v\u00a0plen\u00e9ru Vset\u00ednsk\u00fdch vrch\u016f pat\u0159\u00ed obelisk\u00a0Meridi\u00e1n 18 a\u00a0K\u00e1men Slunovrat\u016f, oboj\u00ed v\u00a0katastru obce R\u016f\u017e\u010fka. Komplement\u00e1rn\u00edm, hlubok\u00fdm a\u00a0trval\u00fdm z\u00e1jmem socha\u0159e je Platon\u016fv p\u0159\u00edb\u011bh o\u00a0Atlantid\u011b. O\u00a0sv\u00fdch cest\u00e1ch a\u00a0hled\u00e1n\u00ed b\u00e1jn\u00e9 zem\u011b napsal knihu <em>Atlantida na\u00a0dosah?<\/em> (1999). Dosavadn\u00ed Machalovo socha\u0159sk\u00e9 d\u00edlo zpracoval v\u00a0knize <em>Miroslav Machala a\u00a0tich\u00e1 \u0159e\u010d kamene<\/em> (2010) Dalibor Malina.<\/p>\n<p><a href=\"https:\/\/kotrla.com\/pmpro\/wp-content\/uploads\/2020\/05\/mm_70_vnitrek28-scaled.jpg\"><img loading=\"lazy\" decoding=\"async\" class=\"alignnone size-full wp-image-6620\" src=\"https:\/\/kotrla.com\/pmpro\/wp-content\/uploads\/2020\/05\/mm_70_vnitrek28-scaled.jpg\" alt=\"\" width=\"2560\" height=\"1169\" srcset=\"https:\/\/kotrla.com\/pmpro\/wp-content\/uploads\/2020\/05\/mm_70_vnitrek28-scaled.jpg 2560w, https:\/\/kotrla.com\/pmpro\/wp-content\/uploads\/2020\/05\/mm_70_vnitrek28-300x137.jpg 300w, https:\/\/kotrla.com\/pmpro\/wp-content\/uploads\/2020\/05\/mm_70_vnitrek28-1024x468.jpg 1024w, https:\/\/kotrla.com\/pmpro\/wp-content\/uploads\/2020\/05\/mm_70_vnitrek28-1536x702.jpg 1536w, https:\/\/kotrla.com\/pmpro\/wp-content\/uploads\/2020\/05\/mm_70_vnitrek28-2048x935.jpg 2048w\" sizes=\"auto, (max-width: 2560px) 100vw, 2560px\" \/><\/a><\/p>\n<p><a href=\"https:\/\/kotrla.com\/pmpro\/wp-content\/uploads\/2020\/05\/mm_70_vnitrek36-scaled.jpg\"><img loading=\"lazy\" decoding=\"async\" class=\"alignnone size-full wp-image-6616\" src=\"https:\/\/kotrla.com\/pmpro\/wp-content\/uploads\/2020\/05\/mm_70_vnitrek36-scaled.jpg\" alt=\"\" width=\"2560\" height=\"1169\" srcset=\"https:\/\/kotrla.com\/pmpro\/wp-content\/uploads\/2020\/05\/mm_70_vnitrek36-scaled.jpg 2560w, https:\/\/kotrla.com\/pmpro\/wp-content\/uploads\/2020\/05\/mm_70_vnitrek36-300x137.jpg 300w, https:\/\/kotrla.com\/pmpro\/wp-content\/uploads\/2020\/05\/mm_70_vnitrek36-1024x468.jpg 1024w, https:\/\/kotrla.com\/pmpro\/wp-content\/uploads\/2020\/05\/mm_70_vnitrek36-1536x702.jpg 1536w, https:\/\/kotrla.com\/pmpro\/wp-content\/uploads\/2020\/05\/mm_70_vnitrek36-2048x935.jpg 2048w\" sizes=\"auto, (max-width: 2560px) 100vw, 2560px\" \/><\/a><\/p>\n<p><a href=\"https:\/\/kotrla.com\/pmpro\/wp-content\/uploads\/2020\/05\/mm_70_vnitrek39-scaled.jpg\"><img loading=\"lazy\" decoding=\"async\" class=\"alignnone size-full wp-image-6622\" src=\"https:\/\/kotrla.com\/pmpro\/wp-content\/uploads\/2020\/05\/mm_70_vnitrek39-scaled.jpg\" alt=\"\" width=\"2560\" height=\"1169\" srcset=\"https:\/\/kotrla.com\/pmpro\/wp-content\/uploads\/2020\/05\/mm_70_vnitrek39-scaled.jpg 2560w, https:\/\/kotrla.com\/pmpro\/wp-content\/uploads\/2020\/05\/mm_70_vnitrek39-300x137.jpg 300w, https:\/\/kotrla.com\/pmpro\/wp-content\/uploads\/2020\/05\/mm_70_vnitrek39-1024x468.jpg 1024w, https:\/\/kotrla.com\/pmpro\/wp-content\/uploads\/2020\/05\/mm_70_vnitrek39-1536x702.jpg 1536w, https:\/\/kotrla.com\/pmpro\/wp-content\/uploads\/2020\/05\/mm_70_vnitrek39-2048x935.jpg 2048w\" sizes=\"auto, (max-width: 2560px) 100vw, 2560px\" \/><\/a><\/p>\n<p><a href=\"https:\/\/kotrla.com\/pmpro\/wp-content\/uploads\/2020\/05\/mm_70_vnitrek54-scaled.jpg\"><img loading=\"lazy\" decoding=\"async\" class=\"alignnone size-full wp-image-6617\" src=\"https:\/\/kotrla.com\/pmpro\/wp-content\/uploads\/2020\/05\/mm_70_vnitrek54-scaled.jpg\" alt=\"\" width=\"2560\" height=\"1169\" srcset=\"https:\/\/kotrla.com\/pmpro\/wp-content\/uploads\/2020\/05\/mm_70_vnitrek54-scaled.jpg 2560w, https:\/\/kotrla.com\/pmpro\/wp-content\/uploads\/2020\/05\/mm_70_vnitrek54-300x137.jpg 300w, https:\/\/kotrla.com\/pmpro\/wp-content\/uploads\/2020\/05\/mm_70_vnitrek54-1024x468.jpg 1024w, https:\/\/kotrla.com\/pmpro\/wp-content\/uploads\/2020\/05\/mm_70_vnitrek54-1536x702.jpg 1536w, https:\/\/kotrla.com\/pmpro\/wp-content\/uploads\/2020\/05\/mm_70_vnitrek54-2048x935.jpg 2048w\" sizes=\"auto, (max-width: 2560px) 100vw, 2560px\" \/><\/a><\/p>\n<p><strong>Ohlasy<\/strong><\/p>\n<ul>\n<li><a href=\"https:\/\/valassky.denik.cz\/ctenar-reporter\/vyjimecny-dar-pro-vyjimecneho-muze-20200520.html\">Olga M\u00e9he\u0161ov\u00e1: V\u00fdjime\u010dn\u00fd dar pro v\u00fdjime\u010dn\u00e9ho mu\u017ee. In: <i>Valassky.denik.cz<\/i> [online]. 2020 [cit. 2023-04-07].<\/a><\/li>\n<\/ul>\n","protected":false},"excerpt":{"rendered":"<p>Sborn\u00edk p\u0159\u00edsp\u011bvk\u016f k\u00a0sedmdes\u00e1tin\u00e1m Miroslava Machaly ISBN 978-80-905649-7-8 Kniha byly vyd\u00e1na u p\u0159\u00edle\u017eitosti \u017eivotn\u00edho jubilea socha\u0159e Miroslava Machaly. Fotograf Robert Gol\u00e1\u0148 mnohokr\u00e1t prov\u00e1zel socha\u0159e p\u0159i nejr\u016fzn\u011bj\u0161\u00edch p\u0159\u00edle\u017eitostech \u2013 p\u0159i pr\u00e1ci, na cest\u00e1ch nebo p\u0159i odpo\u010dinku. Vznikl tak unik\u00e1tn\u00ed soubor fotografi\u00ed, kter\u00e9 dokumentuj\u00ed pestr\u00e9 fasety Mirkova \u017eivota. V\u00fdb\u011br pro tuto publikaci doplnil Jakub Chrob\u00e1k sv\u00fdmi b\u00e1sn\u011bmi a [&hellip;]<\/p>\n","protected":false},"author":1,"featured_media":0,"parent":3997,"menu_order":0,"comment_status":"closed","ping_status":"closed","template":"","meta":{"site-sidebar-layout":"default","site-content-layout":"default","ast-site-content-layout":"default","site-content-style":"default","site-sidebar-style":"default","ast-global-header-display":"","ast-banner-title-visibility":"","ast-main-header-display":"","ast-hfb-above-header-display":"","ast-hfb-below-header-display":"","ast-hfb-mobile-header-display":"","site-post-title":"","ast-breadcrumbs-content":"","ast-featured-img":"","footer-sml-layout":"","ast-disable-related-posts":"","theme-transparent-header-meta":"default","adv-header-id-meta":"","stick-header-meta":"","header-above-stick-meta":"","header-main-stick-meta":"","header-below-stick-meta":"","astra-migrate-meta-layouts":"set","ast-page-background-enabled":"default","ast-page-background-meta":{"desktop":{"background-color":"var(--ast-global-color-5)","background-image":"","background-repeat":"repeat","background-position":"center center","background-size":"auto","background-attachment":"scroll","background-type":"","background-media":"","overlay-type":"","overlay-color":"","overlay-opacity":"","overlay-gradient":""},"tablet":{"background-color":"","background-image":"","background-repeat":"repeat","background-position":"center center","background-size":"auto","background-attachment":"scroll","background-type":"","background-media":"","overlay-type":"","overlay-color":"","overlay-opacity":"","overlay-gradient":""},"mobile":{"background-color":"","background-image":"","background-repeat":"repeat","background-position":"center center","background-size":"auto","background-attachment":"scroll","background-type":"","background-media":"","overlay-type":"","overlay-color":"","overlay-opacity":"","overlay-gradient":""}},"ast-content-background-meta":{"desktop":{"background-color":"var(--ast-global-color-4)","background-image":"","background-repeat":"repeat","background-position":"center center","background-size":"auto","background-attachment":"scroll","background-type":"","background-media":"","overlay-type":"","overlay-color":"","overlay-opacity":"","overlay-gradient":""},"tablet":{"background-color":"var(--ast-global-color-4)","background-image":"","background-repeat":"repeat","background-position":"center center","background-size":"auto","background-attachment":"scroll","background-type":"","background-media":"","overlay-type":"","overlay-color":"","overlay-opacity":"","overlay-gradient":""},"mobile":{"background-color":"var(--ast-global-color-4)","background-image":"","background-repeat":"repeat","background-position":"center center","background-size":"auto","background-attachment":"scroll","background-type":"","background-media":"","overlay-type":"","overlay-color":"","overlay-opacity":"","overlay-gradient":""}},"jetpack_post_was_ever_published":false,"footnotes":""},"class_list":["post-6609","page","type-page","status-publish","hentry"],"jetpack_shortlink":"https:\/\/wp.me\/P4mLP7-1IB","jetpack-related-posts":[{"id":3997,"url":"https:\/\/kotrla.com\/pmpro\/klenov\/","url_meta":{"origin":6609,"position":0},"title":"Nakladatelstv\u00ed Klenov","author":"Pavel Kotrla","date":"1.12.2018","format":false,"excerpt":"Klenov \u2013 jednomu\u017en\u00e9 nakladatelstv\u00ed Pavla Kotrly. Knihy jsou v distribuci Kosmas a Pemic, m\u016f\u017eete zakoupit nap\u0159\u00edklad v s\u00edti prodejen\u00a0Martinus,\u00a0Dobrovsk\u00fd nebo jin\u00fdch.\u00a0Bibliofilie Synonymum krajina, Pot\u00ed\u017ee se \u017eenami, Hedvika a Jak Urzon obelstil Kojota nejsou v b\u011b\u017en\u00e9 distribuci, pro objedn\u00e1vku pou\u017eijte pros\u00edm tento formul\u00e1\u0159. Ten m\u016f\u017eete vyu\u017e\u00edt i pro objedn\u00e1vku dal\u0161\u00edch knih\u2026","rel":"","context":"Podobn\u00fd p\u0159\u00edsp\u011bvek","block_context":{"text":"Podobn\u00fd p\u0159\u00edsp\u011bvek","link":""},"img":{"alt_text":"","src":"https:\/\/i0.wp.com\/kotrla.com\/pmpro\/wp-content\/uploads\/2023\/03\/nakladatelstvi_klenov_logo_bw_small.png?resize=350%2C200&ssl=1","width":350,"height":200},"classes":[]},{"id":13384,"url":"https:\/\/kotrla.com\/pmpro\/klenov\/miroslav-cerny-sentimentalni-pijaci-2025\/","url_meta":{"origin":6609,"position":1},"title":"Miroslav \u010cern\u00fd: Sentiment\u00e1ln\u00ed pij\u00e1ci (2025)","author":"Pavel Kotrla","date":"5.11.2025","format":false,"excerpt":"ISBN 978-80-909228-6-0 Doporu\u010den\u00e1 cena knihy je 180 K\u010d Doslov Kdo \u010detl p\u0159edchoz\u00ed sb\u00edrku pov\u00eddek a b\u00e1sn\u00ed Miroslava \u010cern\u00e9ho Moudrost stezky (2024), snadno pozn\u00e1, \u017ee jeho nov\u00e1 kniha Sentiment\u00e1ln\u00ed pij\u00e1ci na ni zjevn\u011b navazuje. Dalo by se \u0159\u00edct, \u017ee je vlastn\u011b jej\u00edm dvojn\u00edkem. Op\u011bt se potk\u00e1v\u00e1me se souborem r\u016fznorod\u00fdch text\u016f, jejich\u017e\u2026","rel":"","context":"Podobn\u00fd p\u0159\u00edsp\u011bvek","block_context":{"text":"Podobn\u00fd p\u0159\u00edsp\u011bvek","link":""},"img":{"alt_text":"","src":"https:\/\/i0.wp.com\/kotrla.com\/pmpro\/wp-content\/uploads\/2025\/11\/cerny_sentimentalni_pijaci_57-150x150.jpg?resize=350%2C200&ssl=1","width":350,"height":200,"srcset":"https:\/\/i0.wp.com\/kotrla.com\/pmpro\/wp-content\/uploads\/2025\/11\/cerny_sentimentalni_pijaci_57-150x150.jpg?resize=350%2C200&ssl=1 1x, https:\/\/i0.wp.com\/kotrla.com\/pmpro\/wp-content\/uploads\/2025\/11\/cerny_sentimentalni_pijaci_57-150x150.jpg?resize=525%2C300&ssl=1 1.5x, https:\/\/i0.wp.com\/kotrla.com\/pmpro\/wp-content\/uploads\/2025\/11\/cerny_sentimentalni_pijaci_57-150x150.jpg?resize=700%2C400&ssl=1 2x"},"classes":[]},{"id":12139,"url":"https:\/\/kotrla.com\/pmpro\/klenov\/miroslav-cerny-moudrost-stezky-2024\/","url_meta":{"origin":6609,"position":2},"title":"Miroslav \u010cern\u00fd: Moudrost stezky (2024)","author":"Pavel Kotrla","date":"19.10.2024","format":false,"excerpt":"ISBN 978-80-909228-1-5 Doporu\u010den\u00e1 cena knihy je 180 K\u010d Doslov Moudrost stezky je logick\u00fdm vy\u00fast\u011bn\u00edm dosavadn\u00edho liter\u00e1rn\u00edho v\u00fdvoje Miroslava \u010cern\u00e9ho. Dalo se p\u0159edpokl\u00e1dat, \u017ee autora, kter\u00fd se vedle knih odborn\u00fdch a\u00a0popul\u00e1rn\u011b\u00ad\u2011nau\u010dn\u00fdch prosadil p\u0159edev\u0161\u00edm jako cestopisec a\u00a0b\u00e1sn\u00edk, d\u0159\u00edve \u010di pozd\u011bji zl\u00e1k\u00e1 nov\u00e1 tv\u016fr\u010d\u00ed perspektiva a\u00a0bude si cht\u00edt vyzkou\u0161et mo\u017enosti na poli pr\u00f3zy.\u2026","rel":"","context":"Podobn\u00fd p\u0159\u00edsp\u011bvek","block_context":{"text":"Podobn\u00fd p\u0159\u00edsp\u011bvek","link":""},"img":{"alt_text":"","src":"https:\/\/i0.wp.com\/kotrla.com\/pmpro\/wp-content\/uploads\/2024\/10\/sazba_cerny11-150x150.png?resize=350%2C200&ssl=1","width":350,"height":200,"srcset":"https:\/\/i0.wp.com\/kotrla.com\/pmpro\/wp-content\/uploads\/2024\/10\/sazba_cerny11-150x150.png?resize=350%2C200&ssl=1 1x, https:\/\/i0.wp.com\/kotrla.com\/pmpro\/wp-content\/uploads\/2024\/10\/sazba_cerny11-150x150.png?resize=525%2C300&ssl=1 1.5x, https:\/\/i0.wp.com\/kotrla.com\/pmpro\/wp-content\/uploads\/2024\/10\/sazba_cerny11-150x150.png?resize=700%2C400&ssl=1 2x"},"classes":[]},{"id":6647,"url":"https:\/\/kotrla.com\/pmpro\/pera-a-inkousty\/","url_meta":{"origin":6609,"position":3},"title":"Pera a inkousty","author":"Pavel Kotrla","date":"20.7.2020","format":false,"excerpt":"Jedna z v\u00e1\u0161n\u00ed. Postupn\u011b si to tu budu odkl\u00e1dat. (Krom p\u0159\u00edsp\u011bvk\u016f na penforum.cz: http:\/\/www.penforum.cz\/memberlist.php?mode=viewprofile&u=220 nebo profilu na FPC) \u010cesk\u00e1 republika -\u00a0sou\u010dasnost Velc\u00ed v\u00fdrobci s vlastn\u00edm design Koh-i-Noor Hardtmuth Centropen Mal\u00ed v\u00fdrobci s vlastn\u00edm designem Kayu Retropera Klinkovsk\u00fd (obchod zru\u0161en, ale n\u011bco k dohled\u00e1n\u00ed na FB) Petr Late\u010dka (obchod na st\u00e1nk\u00e1ch\u2026","rel":"","context":"Podobn\u00fd p\u0159\u00edsp\u011bvek","block_context":{"text":"Podobn\u00fd p\u0159\u00edsp\u011bvek","link":""},"img":{"alt_text":"","src":"https:\/\/i0.wp.com\/kotrla.com\/pmpro\/wp-content\/uploads\/2020\/11\/centropeny_IMGP7812.jpg?resize=350%2C200&ssl=1","width":350,"height":200,"srcset":"https:\/\/i0.wp.com\/kotrla.com\/pmpro\/wp-content\/uploads\/2020\/11\/centropeny_IMGP7812.jpg?resize=350%2C200&ssl=1 1x, https:\/\/i0.wp.com\/kotrla.com\/pmpro\/wp-content\/uploads\/2020\/11\/centropeny_IMGP7812.jpg?resize=525%2C300&ssl=1 1.5x, https:\/\/i0.wp.com\/kotrla.com\/pmpro\/wp-content\/uploads\/2020\/11\/centropeny_IMGP7812.jpg?resize=700%2C400&ssl=1 2x, https:\/\/i0.wp.com\/kotrla.com\/pmpro\/wp-content\/uploads\/2020\/11\/centropeny_IMGP7812.jpg?resize=1050%2C600&ssl=1 3x, https:\/\/i0.wp.com\/kotrla.com\/pmpro\/wp-content\/uploads\/2020\/11\/centropeny_IMGP7812.jpg?resize=1400%2C800&ssl=1 4x"},"classes":[]},{"id":12511,"url":"https:\/\/kotrla.com\/pmpro\/bibliofilie\/","url_meta":{"origin":6609,"position":4},"title":"Bibliofilie","author":"Pavel Kotrla","date":"26.2.2025","format":false,"excerpt":"P\u0159ipravuje se. Jedna z v\u00e1\u0161n\u00ed. Postupn\u011b si to tu budu odkl\u00e1dat. Rozcestn\u00edk Rozcestn\u00edk bibliofilie https:\/\/kotrla.com\/pmpro\/bibliofilie\/bibliofilie-rozcestnik\/ P\u0159\u00edsp\u011bvky o bibliofilii na m\u00e9m blogu \u00a0 V\u00fdpis v\u0161ech p\u0159\u00edsp\u011bvk\u016f v t\u00e9to kategorii","rel":"","context":"Podobn\u00fd p\u0159\u00edsp\u011bvek","block_context":{"text":"Podobn\u00fd p\u0159\u00edsp\u011bvek","link":""},"img":{"alt_text":"","src":"","width":0,"height":0},"classes":[]},{"id":12426,"url":"https:\/\/kotrla.com\/pmpro\/klenov\/zdenek-lysy-nejen-mezi-nomady-2025\/","url_meta":{"origin":6609,"position":5},"title":"Zden\u011bk Lys\u00fd: Nejen mezi nom\u00e1dy (2025)","author":"Pavel Kotrla","date":"23.2.2025","format":false,"excerpt":"ISBN 978-80-909228-2-2 Doporu\u010den\u00e1 cena knihy je 200 K\u010d Nejen humorn\u00e9 vzpom\u00ednky na kari\u00e9ru zv\u011brol\u00e9ka\u0159e na mal\u00e9m m\u011bst\u011b a \u0161estilet\u00fd pobyt v Al\u017e\u00edrsku, kde autor pracoval jako ter\u00e9nn\u00ed veterin\u00e1\u0159. Druh\u00e9 vyd\u00e1n\u00ed bylo roz\u0161\u00ed\u0159eno o t\u0159i nov\u00e9 pov\u00eddky. Zden\u011bk Lys\u00fd Narodil se 18. 5. 1945 ve Fren\u0161t\u00e1t\u011b pod Radho\u0161t\u011bm. Vystudoval Vysokou \u0161kolu\u2026","rel":"","context":"Podobn\u00fd p\u0159\u00edsp\u011bvek","block_context":{"text":"Podobn\u00fd p\u0159\u00edsp\u011bvek","link":""},"img":{"alt_text":"","src":"https:\/\/i0.wp.com\/kotrla.com\/pmpro\/wp-content\/uploads\/2025\/02\/zl_004_allah_tomu_chtel-150x150.jpg?resize=350%2C200&ssl=1","width":350,"height":200,"srcset":"https:\/\/i0.wp.com\/kotrla.com\/pmpro\/wp-content\/uploads\/2025\/02\/zl_004_allah_tomu_chtel-150x150.jpg?resize=350%2C200&ssl=1 1x, https:\/\/i0.wp.com\/kotrla.com\/pmpro\/wp-content\/uploads\/2025\/02\/zl_004_allah_tomu_chtel-150x150.jpg?resize=525%2C300&ssl=1 1.5x, https:\/\/i0.wp.com\/kotrla.com\/pmpro\/wp-content\/uploads\/2025\/02\/zl_004_allah_tomu_chtel-150x150.jpg?resize=700%2C400&ssl=1 2x"},"classes":[]}],"jetpack_sharing_enabled":true,"_links":{"self":[{"href":"https:\/\/kotrla.com\/pmpro\/wp-json\/wp\/v2\/pages\/6609","targetHints":{"allow":["GET"]}}],"collection":[{"href":"https:\/\/kotrla.com\/pmpro\/wp-json\/wp\/v2\/pages"}],"about":[{"href":"https:\/\/kotrla.com\/pmpro\/wp-json\/wp\/v2\/types\/page"}],"author":[{"embeddable":true,"href":"https:\/\/kotrla.com\/pmpro\/wp-json\/wp\/v2\/users\/1"}],"replies":[{"embeddable":true,"href":"https:\/\/kotrla.com\/pmpro\/wp-json\/wp\/v2\/comments?post=6609"}],"version-history":[{"count":1,"href":"https:\/\/kotrla.com\/pmpro\/wp-json\/wp\/v2\/pages\/6609\/revisions"}],"predecessor-version":[{"id":13564,"href":"https:\/\/kotrla.com\/pmpro\/wp-json\/wp\/v2\/pages\/6609\/revisions\/13564"}],"up":[{"embeddable":true,"href":"https:\/\/kotrla.com\/pmpro\/wp-json\/wp\/v2\/pages\/3997"}],"wp:attachment":[{"href":"https:\/\/kotrla.com\/pmpro\/wp-json\/wp\/v2\/media?parent=6609"}],"curies":[{"name":"wp","href":"https:\/\/api.w.org\/{rel}","templated":true}]}}