{"id":9917,"date":"2022-09-15T17:46:55","date_gmt":"2022-09-15T16:46:55","guid":{"rendered":"http:\/\/kotrla.com\/pmpro\/?page_id=9917"},"modified":"2025-11-14T09:08:44","modified_gmt":"2025-11-14T08:08:44","slug":"stanislav-denk-hlava-vody-2022","status":"publish","type":"page","link":"https:\/\/kotrla.com\/pmpro\/klenov\/stanislav-denk-hlava-vody-2022\/","title":{"rendered":"Stanislav Denk: Hlava vody (2022)"},"content":{"rendered":"<p>ISBN: 978-80-908127-5-8<\/p>\n<figure id=\"attachment_9922\" aria-describedby=\"caption-attachment-9922\" style=\"width: 1008px\" class=\"wp-caption alignnone\"><a href=\"https:\/\/kotrla.com\/pmpro\/wp-content\/uploads\/2022\/09\/stanislav_denk_hlava_vody_obalka.jpg\"><img loading=\"lazy\" decoding=\"async\" class=\"wp-image-9922 size-full\" src=\"https:\/\/kotrla.com\/pmpro\/wp-content\/uploads\/2022\/09\/stanislav_denk_hlava_vody_obalka.jpg\" alt=\"Stanislav Denk: Hlava vody (2022)\" width=\"1008\" height=\"1600\" srcset=\"https:\/\/kotrla.com\/pmpro\/wp-content\/uploads\/2022\/09\/stanislav_denk_hlava_vody_obalka.jpg 1008w, https:\/\/kotrla.com\/pmpro\/wp-content\/uploads\/2022\/09\/stanislav_denk_hlava_vody_obalka-189x300.jpg 189w, https:\/\/kotrla.com\/pmpro\/wp-content\/uploads\/2022\/09\/stanislav_denk_hlava_vody_obalka-645x1024.jpg 645w, https:\/\/kotrla.com\/pmpro\/wp-content\/uploads\/2022\/09\/stanislav_denk_hlava_vody_obalka-968x1536.jpg 968w\" sizes=\"auto, (max-width: 1008px) 100vw, 1008px\" \/><\/a><figcaption id=\"caption-attachment-9922\" class=\"wp-caption-text\">Stanislav Denk: Hlava vody (2022)<\/figcaption><\/figure>\n<p>&nbsp;<\/p>\n<p><strong>Co je naho\u0159e je i dole<\/strong><\/p>\n<p>Vysyp\u00e1v\u00e1m solni\u010dku<br \/>\nna st\u016fl<br \/>\na s\u016fl<br \/>\nsi vt\u00edr\u00e1m do o\u010d\u00ed.<\/p>\n<p>Ve sv\u011bt\u011b<br \/>\njsou n\u00e1s tis\u00edce<br \/>\nkte\u0159\u00ed takto<br \/>\nvrac\u00ed slzy stvo\u0159iteli.<\/p>\n<p>Na po\u010d\u00e1tku<br \/>\nbyly<br \/>\nvody rozd\u011bleny.<\/p>\n<p>&nbsp;<\/p>\n<p><strong>\u010cas bez n\u00e1vratu<\/strong><\/p>\n<p>To zelen\u00e9 list\u00ed b\u0159e\u010d\u0165anu<br \/>\nmi br\u00e1n\u00ed ve v\u00fdhledu.<br \/>\nZ\u00a0nebe jsou st\u0159epy<br \/>\nroztloukan\u00e9 v\u011btrem.<br \/>\nZvuk k\u00a0tomu p\u0159ehr\u00e1v\u00e1<br \/>\nstar\u00fd magne\u0165\u00e1k.<br \/>\nTicho je na za\u010d\u00e1tku<br \/>\ni na konci.<\/p>\n<p>&nbsp;<\/p>\n<p><strong>\u0158ez<\/strong><\/p>\n<p>Prosv\u011btlovat sad<br \/>\n\u0159ezem.<br \/>\nStar\u00e9 jablon\u011b u\u017e l\u00e9ta nerod\u00ed,<br \/>\nale v\u00e1h\u00e1m.<br \/>\nJako vd\u011bk za zelen\u00e9 list\u00ed<br \/>\nv\u00a0proschl\u00e9 korun\u011b.<\/p>\n<p>Je\u0161t\u011b se dr\u017e\u00ed st\u00ednu.<\/p>\n<p>Ta jablka jsem sb\u00edral<br \/>\ns\u00a0mal\u00fdmi syny.<br \/>\nByl mo\u0161t i ko\u0159alka<br \/>\nschovan\u00e1 na \u017een\u011bn\u00ed.<\/p>\n<p>&nbsp;<\/p>\n<figure id=\"attachment_9641\" aria-describedby=\"caption-attachment-9641\" style=\"width: 1600px\" class=\"wp-caption alignnone\"><a href=\"https:\/\/kotrla.com\/pmpro\/wp-content\/uploads\/2022\/06\/olomouc_IMGP0725.jpg\"><img loading=\"lazy\" decoding=\"async\" class=\"size-full wp-image-9641\" src=\"https:\/\/kotrla.com\/pmpro\/wp-content\/uploads\/2022\/06\/olomouc_IMGP0725.jpg\" alt=\"\" width=\"1600\" height=\"1067\" srcset=\"https:\/\/kotrla.com\/pmpro\/wp-content\/uploads\/2022\/06\/olomouc_IMGP0725.jpg 1600w, https:\/\/kotrla.com\/pmpro\/wp-content\/uploads\/2022\/06\/olomouc_IMGP0725-300x200.jpg 300w, https:\/\/kotrla.com\/pmpro\/wp-content\/uploads\/2022\/06\/olomouc_IMGP0725-1024x683.jpg 1024w, https:\/\/kotrla.com\/pmpro\/wp-content\/uploads\/2022\/06\/olomouc_IMGP0725-1536x1024.jpg 1536w\" sizes=\"auto, (max-width: 1600px) 100vw, 1600px\" \/><\/a><figcaption id=\"caption-attachment-9641\" class=\"wp-caption-text\">Stanislav Denk<\/figcaption><\/figure>\n<p><strong>Stanislav Denk<\/strong><br \/>\nNarodil se 1962 v\u00a0Brn\u011b.<br \/>\nV ob\u010dansk\u00e9m povol\u00e1n\u00ed u\u010ditel ve Velk\u00e9m T\u00fdnci u Olomouce, kde \u017eije a p\u016fsob\u00ed v m\u00edstn\u00ed spr\u00e1v\u011b. Vydal b\u00e1snick\u00e9 sb\u00edrky K\u00e1men ml\u00fdna (Host, 2008), Obru\u010de vzduchu (Dybbuk, 2011) a Hrana ohn\u011b (Dybbuk, 2015). Uveden v ro\u010dence Nejlep\u0161\u00ed \u010desk\u00e9 b\u00e1sn\u011b 2011 (Host, 2012) a antologii Kr\u00e1tk\u00e1 b\u00e1se\u0148 (Protimluv, 2020). V\u00fdbory jeho b\u00e1sn\u00ed byly p\u0159elo\u017eeny do angli\u010dtiny, pol\u0161tiny a srb\u0161tiny.<\/p>\n<p>&nbsp;<\/p>\n<p><strong>Stanislav Denk \/\/ Hlava vody<\/strong><br \/>\nVydalo nakladatelstv\u00ed Pavel Kotrla \u2013 Klenov, Byst\u0159i\u010dka, roku 2022 jako svou 16. publikaci<br \/>\nRedakce Jakub Chrob\u00e1k<br \/>\nV\u00fdtvarn\u00fd doprovod Miroslav \u0160najdr<br \/>\nFoto autora, sazba p\u00edsmy Permian Sans a Amazon Palafita a grafick\u00e1 \u00faprava Pavel Kotrla<br \/>\nVyd\u00e1n\u00ed prvn\u00ed, n\u00e1klad 200 kus\u016f<br \/>\nTisk PROTISK s.\u2009r.\u2009o., \u010cesk\u00e9 Bud\u011bjovice<br \/>\n112 stran<\/p>\n<p>&nbsp;<\/p>\n<p><strong>Ohlasy:<\/strong><\/p>\n<ul>\n<li>Michal Jare\u0161: Hlava vody. T\u00fdneck\u00e9 listy. Ro\u010d. 32, 2022, \u010d. 11, listopad, p\u0159\u00edl. P\u0159esahy, s. 36.<\/li>\n<li>Petra Mlad\u011bjovsk\u00e1: Pod tou vrstvou dal\u0161\u00ed vrstva, Protimluv 1\/2023, s. 69<\/li>\n<\/ul>\n","protected":false},"excerpt":{"rendered":"<p>ISBN: 978-80-908127-5-8 &nbsp; Co je naho\u0159e je i dole Vysyp\u00e1v\u00e1m solni\u010dku na st\u016fl a s\u016fl si vt\u00edr\u00e1m do o\u010d\u00ed. Ve sv\u011bt\u011b jsou n\u00e1s tis\u00edce kte\u0159\u00ed takto vrac\u00ed slzy stvo\u0159iteli. Na po\u010d\u00e1tku byly vody rozd\u011bleny. &nbsp; \u010cas bez n\u00e1vratu To zelen\u00e9 list\u00ed b\u0159e\u010d\u0165anu mi br\u00e1n\u00ed ve v\u00fdhledu. Z\u00a0nebe jsou st\u0159epy roztloukan\u00e9 v\u011btrem. Zvuk k\u00a0tomu p\u0159ehr\u00e1v\u00e1 star\u00fd [&hellip;]<\/p>\n","protected":false},"author":1,"featured_media":0,"parent":3997,"menu_order":0,"comment_status":"closed","ping_status":"closed","template":"","meta":{"site-sidebar-layout":"default","site-content-layout":"default","ast-site-content-layout":"default","site-content-style":"default","site-sidebar-style":"default","ast-global-header-display":"","ast-banner-title-visibility":"","ast-main-header-display":"","ast-hfb-above-header-display":"","ast-hfb-below-header-display":"","ast-hfb-mobile-header-display":"","site-post-title":"","ast-breadcrumbs-content":"","ast-featured-img":"","footer-sml-layout":"","ast-disable-related-posts":"","theme-transparent-header-meta":"default","adv-header-id-meta":"","stick-header-meta":"","header-above-stick-meta":"","header-main-stick-meta":"","header-below-stick-meta":"","astra-migrate-meta-layouts":"set","ast-page-background-enabled":"default","ast-page-background-meta":{"desktop":{"background-color":"var(--ast-global-color-5)","background-image":"","background-repeat":"repeat","background-position":"center center","background-size":"auto","background-attachment":"scroll","background-type":"","background-media":"","overlay-type":"","overlay-color":"","overlay-opacity":"","overlay-gradient":""},"tablet":{"background-color":"","background-image":"","background-repeat":"repeat","background-position":"center center","background-size":"auto","background-attachment":"scroll","background-type":"","background-media":"","overlay-type":"","overlay-color":"","overlay-opacity":"","overlay-gradient":""},"mobile":{"background-color":"","background-image":"","background-repeat":"repeat","background-position":"center center","background-size":"auto","background-attachment":"scroll","background-type":"","background-media":"","overlay-type":"","overlay-color":"","overlay-opacity":"","overlay-gradient":""}},"ast-content-background-meta":{"desktop":{"background-color":"var(--ast-global-color-4)","background-image":"","background-repeat":"repeat","background-position":"center center","background-size":"auto","background-attachment":"scroll","background-type":"","background-media":"","overlay-type":"","overlay-color":"","overlay-opacity":"","overlay-gradient":""},"tablet":{"background-color":"var(--ast-global-color-4)","background-image":"","background-repeat":"repeat","background-position":"center center","background-size":"auto","background-attachment":"scroll","background-type":"","background-media":"","overlay-type":"","overlay-color":"","overlay-opacity":"","overlay-gradient":""},"mobile":{"background-color":"var(--ast-global-color-4)","background-image":"","background-repeat":"repeat","background-position":"center center","background-size":"auto","background-attachment":"scroll","background-type":"","background-media":"","overlay-type":"","overlay-color":"","overlay-opacity":"","overlay-gradient":""}},"jetpack_post_was_ever_published":false,"footnotes":""},"class_list":["post-9917","page","type-page","status-publish","hentry"],"jetpack_shortlink":"https:\/\/wp.me\/P4mLP7-2zX","jetpack-related-posts":[{"id":3997,"url":"https:\/\/kotrla.com\/pmpro\/klenov\/","url_meta":{"origin":9917,"position":0},"title":"Nakladatelstv\u00ed Klenov","author":"Pavel Kotrla","date":"1.12.2018","format":false,"excerpt":"Klenov \u2013 jednomu\u017en\u00e9 nakladatelstv\u00ed Pavla Kotrly. Knihy jsou v distribuci Kosmas a Pemic, m\u016f\u017eete zakoupit nap\u0159\u00edklad v s\u00edti prodejen\u00a0Martinus,\u00a0Dobrovsk\u00fd nebo jin\u00fdch.\u00a0Bibliofilie Synonymum krajina, Pot\u00ed\u017ee se \u017eenami, Hedvika a Jak Urzon obelstil Kojota nejsou v b\u011b\u017en\u00e9 distribuci, pro objedn\u00e1vku pou\u017eijte pros\u00edm tento formul\u00e1\u0159. Ten m\u016f\u017eete vyu\u017e\u00edt i pro objedn\u00e1vku dal\u0161\u00edch knih\u2026","rel":"","context":"Podobn\u00fd p\u0159\u00edsp\u011bvek","block_context":{"text":"Podobn\u00fd p\u0159\u00edsp\u011bvek","link":""},"img":{"alt_text":"","src":"https:\/\/i0.wp.com\/kotrla.com\/pmpro\/wp-content\/uploads\/2023\/03\/nakladatelstvi_klenov_logo_bw_small.png?resize=350%2C200&ssl=1","width":350,"height":200},"classes":[]},{"id":10443,"url":"https:\/\/kotrla.com\/pmpro\/prstem-na-sklo-rybam-2013\/","url_meta":{"origin":9917,"position":1},"title":"Prstem na sklo ryb\u00e1m (2013)","author":"Pavel Kotrla","date":"23.4.2013","format":false,"excerpt":"ISBN 978-80-904983-5-8 B\u00e1snick\u00e1 prvotina zku\u0161en\u00e9ho moravsk\u00e9ho liter\u00e1ta a publicisty evokuj\u00edc\u00ed barvitost, p\u0159ita\u017elivost, z\u00e1hadnost \u017eivota a lidsk\u00e9ho osudu, je\u017e se osobit\u011b odr\u00e1\u017eej\u00ed v symbolech mo\u0159e a nekone\u010dn\u00fdch prom\u011bn\u00e1ch monument\u00e1ln\u011b p\u016fsob\u00edc\u00edho a bohat\u011b inspiruj\u00edc\u00edho, v\u011b\u010dn\u011b neklidn\u00e9ho p\u0159\u00edrodn\u00edho \u017eivlu. * * * Kdy\u017e jsem byl mal\u00fd Nahl\u00e9dal jsem Do rozlehl\u00fdch zahrad pln\u00fdch mlh\u2026","rel":"","context":"Podobn\u00fd p\u0159\u00edsp\u011bvek","block_context":{"text":"Podobn\u00fd p\u0159\u00edsp\u011bvek","link":""},"img":{"alt_text":"","src":"https:\/\/i0.wp.com\/kotrla.com\/pmpro\/wp-content\/uploads\/2023\/04\/prstem_na_sklo_rybam_il2.jpg?resize=350%2C200&ssl=1","width":350,"height":200,"srcset":"https:\/\/i0.wp.com\/kotrla.com\/pmpro\/wp-content\/uploads\/2023\/04\/prstem_na_sklo_rybam_il2.jpg?resize=350%2C200&ssl=1 1x, https:\/\/i0.wp.com\/kotrla.com\/pmpro\/wp-content\/uploads\/2023\/04\/prstem_na_sklo_rybam_il2.jpg?resize=525%2C300&ssl=1 1.5x, https:\/\/i0.wp.com\/kotrla.com\/pmpro\/wp-content\/uploads\/2023\/04\/prstem_na_sklo_rybam_il2.jpg?resize=700%2C400&ssl=1 2x"},"classes":[]},{"id":9151,"url":"https:\/\/kotrla.com\/pmpro\/klenov\/jakub-chrobak-v-krvavinach-2021\/","url_meta":{"origin":9917,"position":2},"title":"Jakub Chrob\u00e1k: V krvavin\u00e1ch (2021)","author":"Pavel Kotrla","date":"12.11.2021","format":false,"excerpt":"ISBN 9978-80-908127-2-7 P\u00e1t\u00e1 b\u00e1snick\u00e1 sb\u00edrka Jakuba Chrob\u00e1ka je v mnoh\u00e9m bilan\u010dn\u00ed: na jedn\u00e9 stran\u011b, zejm\u00e9na v \u00favodn\u00ed \u010d\u00e1sti, reflektuje to, co pro autora poezie a jej\u00ed psan\u00ed znamen\u00e1, na stran\u011b druh\u00e9 je i geografick\u00fdm kotven\u00edm. Od Ostravy a jej\u00edho \u0161rumu, p\u0159es cesty a azyly zejm\u00e9na v prost\u0159ed\u00ed st\u00e1le nehostinn\u011bj\u0161\u00edch hospod,\u2026","rel":"","context":"Podobn\u00fd p\u0159\u00edsp\u011bvek","block_context":{"text":"Podobn\u00fd p\u0159\u00edsp\u011bvek","link":""},"img":{"alt_text":"Jakub Chrob\u00e1k: V krvavin\u00e1ch (2021)","src":"https:\/\/i0.wp.com\/kotrla.com\/pmpro\/wp-content\/uploads\/2021\/11\/jakub_chrobak_v_krvavinach.jpg?resize=350%2C200&ssl=1","width":350,"height":200,"srcset":"https:\/\/i0.wp.com\/kotrla.com\/pmpro\/wp-content\/uploads\/2021\/11\/jakub_chrobak_v_krvavinach.jpg?resize=350%2C200&ssl=1 1x, https:\/\/i0.wp.com\/kotrla.com\/pmpro\/wp-content\/uploads\/2021\/11\/jakub_chrobak_v_krvavinach.jpg?resize=525%2C300&ssl=1 1.5x, https:\/\/i0.wp.com\/kotrla.com\/pmpro\/wp-content\/uploads\/2021\/11\/jakub_chrobak_v_krvavinach.jpg?resize=700%2C400&ssl=1 2x"},"classes":[]},{"id":10951,"url":"https:\/\/kotrla.com\/pmpro\/klenov\/rajko-grlic-neodvypravene-pribehy-2023\/","url_meta":{"origin":9917,"position":3},"title":"Rajko Grli\u0107: Neodvypr\u00e1v\u011bn\u00e9 p\u0159\u00edb\u011bhy (2023)","author":"Pavel Kotrla","date":"9.11.2023","format":false,"excerpt":"ISBN 978-80-908127-8-9 Rajko Grli\u0107 (1947) \u2013 chorvatsk\u00fd filmov\u00fd re\u017eis\u00e9r, producent a scen\u00e1rista, profesor filmov\u00e9 teorie na univerzit\u011b v Ohiu, um\u011bleck\u00fd \u0159editel Motovunsk\u00e9ho filmov\u00e9ho festivalu v chorvatsk\u00e9m Motovunu.\u00a0 Jeden z nejv\u00fdznamn\u011bj\u0161\u00edch chorvatsk\u00fdch filmov\u00fdch re\u017eis\u00e9r\u016f. V roce 1971 ukon\u010dil studia re\u017eie na pra\u017esk\u00e9 FAMU. Spole\u010dn\u011b s n\u00edm v tom \u010dase absolvovala pra\u017esk\u00e1\u2026","rel":"","context":"Podobn\u00fd p\u0159\u00edsp\u011bvek","block_context":{"text":"Podobn\u00fd p\u0159\u00edsp\u011bvek","link":""},"img":{"alt_text":"Rajko Grli\u0107","src":"https:\/\/i0.wp.com\/kotrla.com\/pmpro\/wp-content\/uploads\/2023\/11\/grlic_uvedeni_IMGP0703.jpg?resize=350%2C200&ssl=1","width":350,"height":200,"srcset":"https:\/\/i0.wp.com\/kotrla.com\/pmpro\/wp-content\/uploads\/2023\/11\/grlic_uvedeni_IMGP0703.jpg?resize=350%2C200&ssl=1 1x, https:\/\/i0.wp.com\/kotrla.com\/pmpro\/wp-content\/uploads\/2023\/11\/grlic_uvedeni_IMGP0703.jpg?resize=525%2C300&ssl=1 1.5x, https:\/\/i0.wp.com\/kotrla.com\/pmpro\/wp-content\/uploads\/2023\/11\/grlic_uvedeni_IMGP0703.jpg?resize=700%2C400&ssl=1 2x, https:\/\/i0.wp.com\/kotrla.com\/pmpro\/wp-content\/uploads\/2023\/11\/grlic_uvedeni_IMGP0703.jpg?resize=1050%2C600&ssl=1 3x, https:\/\/i0.wp.com\/kotrla.com\/pmpro\/wp-content\/uploads\/2023\/11\/grlic_uvedeni_IMGP0703.jpg?resize=1400%2C800&ssl=1 4x"},"classes":[]},{"id":12139,"url":"https:\/\/kotrla.com\/pmpro\/klenov\/miroslav-cerny-moudrost-stezky-2024\/","url_meta":{"origin":9917,"position":4},"title":"Miroslav \u010cern\u00fd: Moudrost stezky (2024)","author":"Pavel Kotrla","date":"19.10.2024","format":false,"excerpt":"ISBN 978-80-909228-1-5 Doporu\u010den\u00e1 cena knihy je 180 K\u010d Doslov Moudrost stezky je logick\u00fdm vy\u00fast\u011bn\u00edm dosavadn\u00edho liter\u00e1rn\u00edho v\u00fdvoje Miroslava \u010cern\u00e9ho. Dalo se p\u0159edpokl\u00e1dat, \u017ee autora, kter\u00fd se vedle knih odborn\u00fdch a\u00a0popul\u00e1rn\u011b\u00ad\u2011nau\u010dn\u00fdch prosadil p\u0159edev\u0161\u00edm jako cestopisec a\u00a0b\u00e1sn\u00edk, d\u0159\u00edve \u010di pozd\u011bji zl\u00e1k\u00e1 nov\u00e1 tv\u016fr\u010d\u00ed perspektiva a\u00a0bude si cht\u00edt vyzkou\u0161et mo\u017enosti na poli pr\u00f3zy.\u2026","rel":"","context":"Podobn\u00fd p\u0159\u00edsp\u011bvek","block_context":{"text":"Podobn\u00fd p\u0159\u00edsp\u011bvek","link":""},"img":{"alt_text":"","src":"https:\/\/i0.wp.com\/kotrla.com\/pmpro\/wp-content\/uploads\/2024\/10\/sazba_cerny11-150x150.png?resize=350%2C200&ssl=1","width":350,"height":200,"srcset":"https:\/\/i0.wp.com\/kotrla.com\/pmpro\/wp-content\/uploads\/2024\/10\/sazba_cerny11-150x150.png?resize=350%2C200&ssl=1 1x, https:\/\/i0.wp.com\/kotrla.com\/pmpro\/wp-content\/uploads\/2024\/10\/sazba_cerny11-150x150.png?resize=525%2C300&ssl=1 1.5x, https:\/\/i0.wp.com\/kotrla.com\/pmpro\/wp-content\/uploads\/2024\/10\/sazba_cerny11-150x150.png?resize=700%2C400&ssl=1 2x"},"classes":[]},{"id":13376,"url":"https:\/\/kotrla.com\/pmpro\/klenov\/ondrej-hlozek-hedvika-2025\/","url_meta":{"origin":9917,"position":5},"title":"Ond\u0159ej Hlo\u017eek: Hedvika (2025)","author":"Pavel Kotrla","date":"9.11.2025","format":false,"excerpt":"ISBN 978-80-909228-7-7 Doporu\u010den\u00e1 cena knihy je 250 K\u010d. Kniha nen\u00ed v b\u011b\u017en\u00e9 distribu\u010dn\u00ed s\u00edti, lze si ji v\u0161ak\u00a0OBJEDNAT zde nebo u autora. B\u00e1snick\u00fd soubor Hedvika Ond\u0159eje Hlo\u017eka je nitern\u00fdm putov\u00e1n\u00edm slezskou krajinou, v n\u00ed\u017e se prol\u00edn\u00e1 duchovn\u00ed obraz svat\u00e9 Hedviky, kter\u00e1 stoj\u00ed bos\u00e1 nad opevn\u011bn\u00fdm m\u011bstem, s osobn\u00ed zku\u0161enost\u00ed, tichou\u2026","rel":"","context":"Podobn\u00fd p\u0159\u00edsp\u011bvek","block_context":{"text":"Podobn\u00fd p\u0159\u00edsp\u011bvek","link":""},"img":{"alt_text":"","src":"https:\/\/i0.wp.com\/kotrla.com\/pmpro\/wp-content\/uploads\/2025\/11\/hedvika_04-150x150.jpg?resize=350%2C200&ssl=1","width":350,"height":200,"srcset":"https:\/\/i0.wp.com\/kotrla.com\/pmpro\/wp-content\/uploads\/2025\/11\/hedvika_04-150x150.jpg?resize=350%2C200&ssl=1 1x, https:\/\/i0.wp.com\/kotrla.com\/pmpro\/wp-content\/uploads\/2025\/11\/hedvika_04-150x150.jpg?resize=525%2C300&ssl=1 1.5x, https:\/\/i0.wp.com\/kotrla.com\/pmpro\/wp-content\/uploads\/2025\/11\/hedvika_04-150x150.jpg?resize=700%2C400&ssl=1 2x, https:\/\/i0.wp.com\/kotrla.com\/pmpro\/wp-content\/uploads\/2025\/11\/hedvika_04-150x150.jpg?resize=1050%2C600&ssl=1 3x"},"classes":[]}],"jetpack_sharing_enabled":true,"_links":{"self":[{"href":"https:\/\/kotrla.com\/pmpro\/wp-json\/wp\/v2\/pages\/9917","targetHints":{"allow":["GET"]}}],"collection":[{"href":"https:\/\/kotrla.com\/pmpro\/wp-json\/wp\/v2\/pages"}],"about":[{"href":"https:\/\/kotrla.com\/pmpro\/wp-json\/wp\/v2\/types\/page"}],"author":[{"embeddable":true,"href":"https:\/\/kotrla.com\/pmpro\/wp-json\/wp\/v2\/users\/1"}],"replies":[{"embeddable":true,"href":"https:\/\/kotrla.com\/pmpro\/wp-json\/wp\/v2\/comments?post=9917"}],"version-history":[{"count":1,"href":"https:\/\/kotrla.com\/pmpro\/wp-json\/wp\/v2\/pages\/9917\/revisions"}],"predecessor-version":[{"id":13572,"href":"https:\/\/kotrla.com\/pmpro\/wp-json\/wp\/v2\/pages\/9917\/revisions\/13572"}],"up":[{"embeddable":true,"href":"https:\/\/kotrla.com\/pmpro\/wp-json\/wp\/v2\/pages\/3997"}],"wp:attachment":[{"href":"https:\/\/kotrla.com\/pmpro\/wp-json\/wp\/v2\/media?parent=9917"}],"curies":[{"name":"wp","href":"https:\/\/api.w.org\/{rel}","templated":true}]}}